{"id":10053,"date":"2024-05-22T14:46:42","date_gmt":"2024-05-22T17:46:42","guid":{"rendered":"https:\/\/www.todoriego.com.ar\/site\/?post_type=product&#038;p=10053"},"modified":"2024-05-28T15:53:22","modified_gmt":"2024-05-28T18:53:22","slug":"sensor-fg100","status":"publish","type":"product","link":"https:\/\/www.todoriego.com.ar\/site\/producto\/sensor-fg100\/","title":{"rendered":"Sensor FG100"},"content":{"rendered":"<section class=\"l-section wpb_row height_custom\"><div class=\"l-section-h i-cf\"><div class=\"g-cols vc_row via_grid cols_1 laptops-cols_inherit tablets-cols_inherit mobiles-cols_1 valign_top type_default stacking_default\"><div class=\"wpb_column vc_column_container\"><div class=\"vc_column-inner\"><div class=\"wpb_text_column\"><div class=\"wpb_wrapper\"><p>Evite fugas con la tecnolog\u00eda de detecci\u00f3n de caudal.<br \/>\nAyude a proteger las propiedades y los jardines de sus clientes con el sensor de caudal <strong>FG100<\/strong>. Dise\u00f1ado para aplicaciones residenciales y comerciales de menor tama\u00f1o, el <strong>FG100<\/strong> controla el riego e identifica al instante fugas o roturas de la tuber\u00eda para poder repararlas r\u00e1pidamente. Este s\u00f3lido sensor de caudal gestiona la eficiencia del riego, previene posibles da\u00f1os en las viviendas de los propietarios y le posiciona a usted como guardi\u00e1n de los jardines de sus clientes, lo que tendr\u00e1 un impacto positivo en su reputaci\u00f3n a largo plazo.<\/p>\n<p>El <strong>FG100<\/strong>, que ahora es m\u00e1s asequible que nunca, es compatible con el cable de riego de 18g para una f\u00e1cil instalaci\u00f3n y, adem\u00e1s, se puede adaptar para el invierno y as\u00ed permanecer en el suelo todo el a\u00f1o. El FG100 se conecta con el programador ESP-ME3. Ahora puede comprobar el estado del sistema desde cualquier lugar con la aplicaci\u00f3n m\u00f3vil de Rain Bird, disponible para iPhone y Android, al a\u00f1adir el m\u00f3dulo LNK2.<\/p>\n<p><strong>Caracter\u00edsticas<\/strong><br \/>\n\u2022 <em>Flo-Watch\u2122\ufe0f<\/em>: Esta funcionalidad del programador ESP utiliza la informaci\u00f3n del FG100 para conocer el caudal y controlar las condiciones de caudal bajo o excesivo causadas por tuber\u00edas o cabezales rotos, ahorrando agua, protegiendo las plantas y evitando las inundaciones en la propiedad.<br \/>\n\u2022 Preparado para el invierno: Dise\u00f1ado para soportar reventones por la alta presi\u00f3n. No es necesario retirarlo durante los meses de invierno.<br \/>\n\u2022 Sin cable PE especial: Instale f\u00e1cilmente el FG100 con un cable de riego est\u00e1ndar de 18g.<br \/>\n\u2022 Uniones de rosca o deslizantes: Las uniones de rosca o deslizantes permiten una instalaci\u00f3n m\u00e1s r\u00e1pida y un mantenimiento sencillo.<br \/>\n\u2022 Aplicaci\u00f3n de Rain Bird: Empareje el FG100 con el programador ESP para comprobar el estado del sistema desde cualquier lugar y controlar los ajustes avanzados del caudal a trav\u00e9s de la aplicaci\u00f3n m\u00f3vil de Rain Bird. Disponible para iPhone y Android.<\/p>\n<\/div><\/div><\/div><\/div><\/div><\/div><\/section>\n","protected":false},"excerpt":{"rendered":"<p><img loading=\"lazy\" decoding=\"async\" class=\"alignnone size-full wp-image-8741\" src=\"https:\/\/www.todoriego.com.ar\/site\/wp-content\/uploads\/2022\/07\/rainbird.png\" alt=\"\" width=\"103\" height=\"50\" \/><br \/>\nEl sensor FG100 controla el riego e identifica al instante fugas o roturas de la tuber\u00eda para poder repararlas r\u00e1pidamente. Este s\u00f3lido sensor de caudal gestiona la eficiencia del riego.<\/p>\n","protected":false},"featured_media":10055,"template":"","meta":{"_acf_changed":false},"product_brand":[],"product_cat":[39,151],"product_tag":[],"class_list":{"0":"post-10053","1":"product","2":"type-product","3":"status-publish","4":"has-post-thumbnail","6":"product_cat-espacios-verdes","7":"product_cat-sensor-de-caudal","9":"first","10":"instock","11":"featured","12":"shipping-taxable","13":"product-type-simple"},"acf":[],"yoast_head":"<!-- This site is optimized with the Yoast SEO plugin v27.4 - https:\/\/yoast.com\/product\/yoast-seo-wordpress\/ -->\n<title>Sensor FG100 - Todoriego Insumos SRL<\/title>\n<meta name=\"description\" content=\"Evite fugas con la tecnolog\u00eda de detecci\u00f3n de caudal. El sensor FG100 controla el riego e identifica al instante fugas o roturas de la tuber\u00eda para poder repararlas r\u00e1pidamente. Este s\u00f3lido sensor de caudal gestiona la eficiencia del riego.\" \/>\n<meta name=\"robots\" content=\"index, follow, max-snippet:-1, max-image-preview:large, max-video-preview:-1\" \/>\n<link rel=\"canonical\" href=\"https:\/\/www.todoriego.com.ar\/site\/producto\/sensor-fg100\/\" \/>\n<meta property=\"og:locale\" content=\"es_ES\" \/>\n<meta property=\"og:type\" content=\"article\" \/>\n<meta property=\"og:title\" content=\"Sensor FG100 - Todoriego Insumos SRL\" \/>\n<meta property=\"og:description\" content=\"Evite fugas con la tecnolog\u00eda de detecci\u00f3n de caudal. El sensor FG100 controla el riego e identifica al instante fugas o roturas de la tuber\u00eda para poder repararlas r\u00e1pidamente. Este s\u00f3lido sensor de caudal gestiona la eficiencia del riego.\" \/>\n<meta property=\"og:url\" content=\"https:\/\/www.todoriego.com.ar\/site\/producto\/sensor-fg100\/\" \/>\n<meta property=\"og:site_name\" content=\"Todoriego Insumos SRL\" \/>\n<meta property=\"article:publisher\" content=\"https:\/\/www.facebook.com\/todoriegoinsumos\/\" \/>\n<meta property=\"article:modified_time\" content=\"2024-05-28T18:53:22+00:00\" \/>\n<meta property=\"og:image\" content=\"https:\/\/www.todoriego.com.ar\/site\/wp-content\/uploads\/2024\/05\/RainBird_Sensor-de-Caudal_FG100.jpg\" \/>\n\t<meta property=\"og:image:width\" content=\"600\" \/>\n\t<meta property=\"og:image:height\" content=\"600\" \/>\n\t<meta property=\"og:image:type\" content=\"image\/jpeg\" \/>\n<meta name=\"twitter:card\" content=\"summary_large_image\" \/>\n<meta name=\"twitter:label1\" content=\"Tiempo de lectura\" \/>\n\t<meta name=\"twitter:data1\" content=\"2 minutos\" \/>\n<script type=\"application\/ld+json\" class=\"yoast-schema-graph\">{\"@context\":\"https:\\\/\\\/schema.org\",\"@graph\":[{\"@type\":\"WebPage\",\"@id\":\"https:\\\/\\\/www.todoriego.com.ar\\\/site\\\/producto\\\/sensor-fg100\\\/\",\"url\":\"https:\\\/\\\/www.todoriego.com.ar\\\/site\\\/producto\\\/sensor-fg100\\\/\",\"name\":\"Sensor FG100 - Todoriego Insumos SRL\",\"isPartOf\":{\"@id\":\"https:\\\/\\\/www.todoriego.com.ar\\\/site\\\/#website\"},\"primaryImageOfPage\":{\"@id\":\"https:\\\/\\\/www.todoriego.com.ar\\\/site\\\/producto\\\/sensor-fg100\\\/#primaryimage\"},\"image\":{\"@id\":\"https:\\\/\\\/www.todoriego.com.ar\\\/site\\\/producto\\\/sensor-fg100\\\/#primaryimage\"},\"thumbnailUrl\":\"https:\\\/\\\/www.todoriego.com.ar\\\/site\\\/wp-content\\\/uploads\\\/2024\\\/05\\\/RainBird_Sensor-de-Caudal_FG100.jpg\",\"datePublished\":\"2024-05-22T17:46:42+00:00\",\"dateModified\":\"2024-05-28T18:53:22+00:00\",\"description\":\"Evite fugas con la tecnolog\u00eda de detecci\u00f3n de caudal. El sensor FG100 controla el riego e identifica al instante fugas o roturas de la tuber\u00eda para poder repararlas r\u00e1pidamente. Este s\u00f3lido sensor de caudal gestiona la eficiencia del riego.\",\"breadcrumb\":{\"@id\":\"https:\\\/\\\/www.todoriego.com.ar\\\/site\\\/producto\\\/sensor-fg100\\\/#breadcrumb\"},\"inLanguage\":\"es-AR\",\"potentialAction\":[{\"@type\":\"ReadAction\",\"target\":[\"https:\\\/\\\/www.todoriego.com.ar\\\/site\\\/producto\\\/sensor-fg100\\\/\"]}]},{\"@type\":\"ImageObject\",\"inLanguage\":\"es-AR\",\"@id\":\"https:\\\/\\\/www.todoriego.com.ar\\\/site\\\/producto\\\/sensor-fg100\\\/#primaryimage\",\"url\":\"https:\\\/\\\/www.todoriego.com.ar\\\/site\\\/wp-content\\\/uploads\\\/2024\\\/05\\\/RainBird_Sensor-de-Caudal_FG100.jpg\",\"contentUrl\":\"https:\\\/\\\/www.todoriego.com.ar\\\/site\\\/wp-content\\\/uploads\\\/2024\\\/05\\\/RainBird_Sensor-de-Caudal_FG100.jpg\",\"width\":600,\"height\":600},{\"@type\":\"BreadcrumbList\",\"@id\":\"https:\\\/\\\/www.todoriego.com.ar\\\/site\\\/producto\\\/sensor-fg100\\\/#breadcrumb\",\"itemListElement\":[{\"@type\":\"ListItem\",\"position\":1,\"name\":\"Inicio\",\"item\":\"https:\\\/\\\/www.todoriego.com.ar\\\/site\\\/\"},{\"@type\":\"ListItem\",\"position\":2,\"name\":\"Tienda\",\"item\":\"https:\\\/\\\/www.todoriego.com.ar\\\/site\\\/tienda\\\/\"},{\"@type\":\"ListItem\",\"position\":3,\"name\":\"Sensor FG100\"}]},{\"@type\":\"WebSite\",\"@id\":\"https:\\\/\\\/www.todoriego.com.ar\\\/site\\\/#website\",\"url\":\"https:\\\/\\\/www.todoriego.com.ar\\\/site\\\/\",\"name\":\"Todoriego Insumos SRL\",\"description\":\"Sabemos hacer riego\",\"publisher\":{\"@id\":\"https:\\\/\\\/www.todoriego.com.ar\\\/site\\\/#organization\"},\"potentialAction\":[{\"@type\":\"SearchAction\",\"target\":{\"@type\":\"EntryPoint\",\"urlTemplate\":\"https:\\\/\\\/www.todoriego.com.ar\\\/site\\\/?s={search_term_string}\"},\"query-input\":{\"@type\":\"PropertyValueSpecification\",\"valueRequired\":true,\"valueName\":\"search_term_string\"}}],\"inLanguage\":\"es-AR\"},{\"@type\":\"Organization\",\"@id\":\"https:\\\/\\\/www.todoriego.com.ar\\\/site\\\/#organization\",\"name\":\"Todoriego Insumos s.r.l.\",\"url\":\"https:\\\/\\\/www.todoriego.com.ar\\\/site\\\/\",\"logo\":{\"@type\":\"ImageObject\",\"inLanguage\":\"es-AR\",\"@id\":\"https:\\\/\\\/www.todoriego.com.ar\\\/site\\\/#\\\/schema\\\/logo\\\/image\\\/\",\"url\":\"http:\\\/\\\/www.todoriego.com.ar\\\/site\\\/wp-content\\\/uploads\\\/2022\\\/07\\\/todoriego_marca.jpg\",\"contentUrl\":\"http:\\\/\\\/www.todoriego.com.ar\\\/site\\\/wp-content\\\/uploads\\\/2022\\\/07\\\/todoriego_marca.jpg\",\"width\":731,\"height\":731,\"caption\":\"Todoriego Insumos s.r.l.\"},\"image\":{\"@id\":\"https:\\\/\\\/www.todoriego.com.ar\\\/site\\\/#\\\/schema\\\/logo\\\/image\\\/\"},\"sameAs\":[\"https:\\\/\\\/www.facebook.com\\\/todoriegoinsumos\\\/\",\"https:\\\/\\\/www.instagram.com\\\/todoriegoinsumos\\\/\"]}]}<\/script>\n<!-- \/ Yoast SEO plugin. -->","yoast_head_json":{"title":"Sensor FG100 - Todoriego Insumos SRL","description":"Evite fugas con la tecnolog\u00eda de detecci\u00f3n de caudal. El sensor FG100 controla el riego e identifica al instante fugas o roturas de la tuber\u00eda para poder repararlas r\u00e1pidamente. Este s\u00f3lido sensor de caudal gestiona la eficiencia del riego.","robots":{"index":"index","follow":"follow","max-snippet":"max-snippet:-1","max-image-preview":"max-image-preview:large","max-video-preview":"max-video-preview:-1"},"canonical":"https:\/\/www.todoriego.com.ar\/site\/producto\/sensor-fg100\/","og_locale":"es_ES","og_type":"article","og_title":"Sensor FG100 - Todoriego Insumos SRL","og_description":"Evite fugas con la tecnolog\u00eda de detecci\u00f3n de caudal. El sensor FG100 controla el riego e identifica al instante fugas o roturas de la tuber\u00eda para poder repararlas r\u00e1pidamente. Este s\u00f3lido sensor de caudal gestiona la eficiencia del riego.","og_url":"https:\/\/www.todoriego.com.ar\/site\/producto\/sensor-fg100\/","og_site_name":"Todoriego Insumos SRL","article_publisher":"https:\/\/www.facebook.com\/todoriegoinsumos\/","article_modified_time":"2024-05-28T18:53:22+00:00","og_image":[{"width":600,"height":600,"url":"https:\/\/www.todoriego.com.ar\/site\/wp-content\/uploads\/2024\/05\/RainBird_Sensor-de-Caudal_FG100.jpg","type":"image\/jpeg"}],"twitter_card":"summary_large_image","twitter_misc":{"Tiempo de lectura":"2 minutos"},"schema":{"@context":"https:\/\/schema.org","@graph":[{"@type":"WebPage","@id":"https:\/\/www.todoriego.com.ar\/site\/producto\/sensor-fg100\/","url":"https:\/\/www.todoriego.com.ar\/site\/producto\/sensor-fg100\/","name":"Sensor FG100 - Todoriego Insumos SRL","isPartOf":{"@id":"https:\/\/www.todoriego.com.ar\/site\/#website"},"primaryImageOfPage":{"@id":"https:\/\/www.todoriego.com.ar\/site\/producto\/sensor-fg100\/#primaryimage"},"image":{"@id":"https:\/\/www.todoriego.com.ar\/site\/producto\/sensor-fg100\/#primaryimage"},"thumbnailUrl":"https:\/\/www.todoriego.com.ar\/site\/wp-content\/uploads\/2024\/05\/RainBird_Sensor-de-Caudal_FG100.jpg","datePublished":"2024-05-22T17:46:42+00:00","dateModified":"2024-05-28T18:53:22+00:00","description":"Evite fugas con la tecnolog\u00eda de detecci\u00f3n de caudal. El sensor FG100 controla el riego e identifica al instante fugas o roturas de la tuber\u00eda para poder repararlas r\u00e1pidamente. Este s\u00f3lido sensor de caudal gestiona la eficiencia del riego.","breadcrumb":{"@id":"https:\/\/www.todoriego.com.ar\/site\/producto\/sensor-fg100\/#breadcrumb"},"inLanguage":"es-AR","potentialAction":[{"@type":"ReadAction","target":["https:\/\/www.todoriego.com.ar\/site\/producto\/sensor-fg100\/"]}]},{"@type":"ImageObject","inLanguage":"es-AR","@id":"https:\/\/www.todoriego.com.ar\/site\/producto\/sensor-fg100\/#primaryimage","url":"https:\/\/www.todoriego.com.ar\/site\/wp-content\/uploads\/2024\/05\/RainBird_Sensor-de-Caudal_FG100.jpg","contentUrl":"https:\/\/www.todoriego.com.ar\/site\/wp-content\/uploads\/2024\/05\/RainBird_Sensor-de-Caudal_FG100.jpg","width":600,"height":600},{"@type":"BreadcrumbList","@id":"https:\/\/www.todoriego.com.ar\/site\/producto\/sensor-fg100\/#breadcrumb","itemListElement":[{"@type":"ListItem","position":1,"name":"Inicio","item":"https:\/\/www.todoriego.com.ar\/site\/"},{"@type":"ListItem","position":2,"name":"Tienda","item":"https:\/\/www.todoriego.com.ar\/site\/tienda\/"},{"@type":"ListItem","position":3,"name":"Sensor FG100"}]},{"@type":"WebSite","@id":"https:\/\/www.todoriego.com.ar\/site\/#website","url":"https:\/\/www.todoriego.com.ar\/site\/","name":"Todoriego Insumos SRL","description":"Sabemos hacer riego","publisher":{"@id":"https:\/\/www.todoriego.com.ar\/site\/#organization"},"potentialAction":[{"@type":"SearchAction","target":{"@type":"EntryPoint","urlTemplate":"https:\/\/www.todoriego.com.ar\/site\/?s={search_term_string}"},"query-input":{"@type":"PropertyValueSpecification","valueRequired":true,"valueName":"search_term_string"}}],"inLanguage":"es-AR"},{"@type":"Organization","@id":"https:\/\/www.todoriego.com.ar\/site\/#organization","name":"Todoriego Insumos s.r.l.","url":"https:\/\/www.todoriego.com.ar\/site\/","logo":{"@type":"ImageObject","inLanguage":"es-AR","@id":"https:\/\/www.todoriego.com.ar\/site\/#\/schema\/logo\/image\/","url":"http:\/\/www.todoriego.com.ar\/site\/wp-content\/uploads\/2022\/07\/todoriego_marca.jpg","contentUrl":"http:\/\/www.todoriego.com.ar\/site\/wp-content\/uploads\/2022\/07\/todoriego_marca.jpg","width":731,"height":731,"caption":"Todoriego Insumos s.r.l."},"image":{"@id":"https:\/\/www.todoriego.com.ar\/site\/#\/schema\/logo\/image\/"},"sameAs":["https:\/\/www.facebook.com\/todoriegoinsumos\/","https:\/\/www.instagram.com\/todoriegoinsumos\/"]}]}},"_links":{"self":[{"href":"https:\/\/www.todoriego.com.ar\/site\/wp-json\/wp\/v2\/product\/10053","targetHints":{"allow":["GET"]}}],"collection":[{"href":"https:\/\/www.todoriego.com.ar\/site\/wp-json\/wp\/v2\/product"}],"about":[{"href":"https:\/\/www.todoriego.com.ar\/site\/wp-json\/wp\/v2\/types\/product"}],"wp:featuredmedia":[{"embeddable":true,"href":"https:\/\/www.todoriego.com.ar\/site\/wp-json\/wp\/v2\/media\/10055"}],"wp:attachment":[{"href":"https:\/\/www.todoriego.com.ar\/site\/wp-json\/wp\/v2\/media?parent=10053"}],"wp:term":[{"taxonomy":"product_brand","embeddable":true,"href":"https:\/\/www.todoriego.com.ar\/site\/wp-json\/wp\/v2\/product_brand?post=10053"},{"taxonomy":"product_cat","embeddable":true,"href":"https:\/\/www.todoriego.com.ar\/site\/wp-json\/wp\/v2\/product_cat?post=10053"},{"taxonomy":"product_tag","embeddable":true,"href":"https:\/\/www.todoriego.com.ar\/site\/wp-json\/wp\/v2\/product_tag?post=10053"}],"curies":[{"name":"wp","href":"https:\/\/api.w.org\/{rel}","templated":true}]}}