{"id":8766,"date":"2022-07-26T15:25:35","date_gmt":"2022-07-26T18:25:35","guid":{"rendered":"http:\/\/www.todoriego.com.ar\/site\/?post_type=product&#038;p=8766"},"modified":"2022-07-26T15:25:36","modified_gmt":"2022-07-26T18:25:36","slug":"dosificador-hidraulico-dosabox-junior","status":"publish","type":"product","link":"https:\/\/www.todoriego.com.ar\/site\/producto\/dosificador-hidraulico-dosabox-junior\/","title":{"rendered":"Dosificador Hidr\u00e1ulico Dosabox Junior"},"content":{"rendered":"<p><strong>USO IDEAL PARA:<br \/>\n<\/strong>El DosaBox Junior representa un v\u00e1lido accesorio para \u00a0 todas las empresas que no disponen de energ\u00eda el\u00e9ctrica pero que necesitan acercarse al riego fertilizante en modo econ\u00f3mico y sencillo. Este regador de fertilizante por aspersi\u00f3n, de funcionamiento manual, pero f\u00e1cilmente automatizable, constituye un primer e importante paso para conseguir un control moderno y eficaz de los nutritivos.<\/p>\n<p><strong>CARACTER\u00cdSTICAS<br \/>\n<\/strong>Dosificaci\u00f3n 2 fert.<br \/>\nModalidad: inyecci\u00f3n volum\u00e9trica.<br \/>\nMovimiento de la bomba de inyecci\u00f3n.<br \/>\nMonitoreo pH \/ EC.<br \/>\nEstructura de sost\u00e9n de acero inoxidable.<\/p>\n","protected":false},"excerpt":{"rendered":"<p><img loading=\"lazy\" decoding=\"async\" class=\"alignnone size-full wp-image-8737\" src=\"https:\/\/www.todoriego.com.ar\/site\/wp-content\/uploads\/2022\/07\/irritec.png\" alt=\"irritec\" width=\"103\" height=\"50\" \/><\/p>\n<p>Los irrigadores de fertilizante por aspersi\u00f3n Irritec conjugan practicidad y fiabilidad con un moderno sistema de inyecci\u00f3n de las soluciones nutritivas. La gesti\u00f3n del fertilizante es regulada por simples recetas de aspersi\u00f3n de fertilizantes que pueden plantearse seg\u00fan las necesidades agron\u00f3micas y nutricionales de los cultivos. La correcta gesti\u00f3n hidr\u00e1ulica, fundamental para conducir la justa nutrici\u00f3n a las plantas, est\u00e1 asegurada desde hace a\u00f1os por la experiencia en la fabricaci\u00f3n de m\u00e1quinas e instrumentos y de materiales fiables y certificados. El dise\u00f1o ergon\u00f3mico de nuestras m\u00e1quinas permite adem\u00e1s al operador programar c\u00f3modamente los ciclos de irrigaci\u00f3n y riego fertilizante y efectuar mantenimientos ordinarios y extraordinarios con la m\u00e1xima seguridad y comodidad. Todas nuestras m\u00e1quinas son certificadas CE.<\/p>\n","protected":false},"featured_media":8767,"template":"","meta":{"_acf_changed":false},"product_brand":[],"product_cat":[88],"product_tag":[],"class_list":{"0":"post-8766","1":"product","2":"type-product","3":"status-publish","4":"has-post-thumbnail","6":"product_cat-dosificadores-hidraulicos","8":"first","9":"instock","10":"shipping-taxable","11":"product-type-simple"},"acf":[],"yoast_head":"<!-- This site is optimized with the Yoast SEO plugin v27.5 - https:\/\/yoast.com\/product\/yoast-seo-wordpress\/ -->\n<title>Dosificador Hidr\u00e1ulico Dosabox Junior - Todoriego Insumos SRL<\/title>\n<meta name=\"description\" content=\"Los irrigadores de fertilizante por aspersi\u00f3n Irritec conjugan practicidad y fiabilidad con un moderno sistema de inyecci\u00f3n de las soluciones nutritivas. La gesti\u00f3n del fertilizante es regulada por simples recetas de aspersi\u00f3n de fertilizantes que pueden plantearse seg\u00fan las necesidades agron\u00f3micas y nutricionales de los cultivos.\" \/>\n<meta name=\"robots\" content=\"index, follow, max-snippet:-1, max-image-preview:large, max-video-preview:-1\" \/>\n<link rel=\"canonical\" href=\"https:\/\/www.todoriego.com.ar\/site\/producto\/dosificador-hidraulico-dosabox-junior\/\" \/>\n<meta property=\"og:locale\" content=\"es_ES\" \/>\n<meta property=\"og:type\" content=\"article\" \/>\n<meta property=\"og:title\" content=\"Dosificador Hidr\u00e1ulico Dosabox Junior - Todoriego Insumos SRL\" \/>\n<meta property=\"og:description\" content=\"Los irrigadores de fertilizante por aspersi\u00f3n Irritec conjugan practicidad y fiabilidad con un moderno sistema de inyecci\u00f3n de las soluciones nutritivas. La gesti\u00f3n del fertilizante es regulada por simples recetas de aspersi\u00f3n de fertilizantes que pueden plantearse seg\u00fan las necesidades agron\u00f3micas y nutricionales de los cultivos.\" \/>\n<meta property=\"og:url\" content=\"https:\/\/www.todoriego.com.ar\/site\/producto\/dosificador-hidraulico-dosabox-junior\/\" \/>\n<meta property=\"og:site_name\" content=\"Todoriego Insumos SRL\" \/>\n<meta property=\"article:publisher\" content=\"https:\/\/www.facebook.com\/todoriegoinsumos\/\" \/>\n<meta property=\"article:modified_time\" content=\"2022-07-26T18:25:36+00:00\" \/>\n<meta property=\"og:image\" content=\"https:\/\/www.todoriego.com.ar\/site\/wp-content\/uploads\/2022\/07\/dosabox.jpg\" \/>\n\t<meta property=\"og:image:width\" content=\"600\" \/>\n\t<meta property=\"og:image:height\" content=\"600\" \/>\n\t<meta property=\"og:image:type\" content=\"image\/jpeg\" \/>\n<meta name=\"twitter:card\" content=\"summary_large_image\" \/>\n<meta name=\"twitter:label1\" content=\"Tiempo de lectura\" \/>\n\t<meta name=\"twitter:data1\" content=\"1 minuto\" \/>\n<script type=\"application\/ld+json\" class=\"yoast-schema-graph\">{\"@context\":\"https:\\\/\\\/schema.org\",\"@graph\":[{\"@type\":\"WebPage\",\"@id\":\"https:\\\/\\\/www.todoriego.com.ar\\\/site\\\/producto\\\/dosificador-hidraulico-dosabox-junior\\\/\",\"url\":\"https:\\\/\\\/www.todoriego.com.ar\\\/site\\\/producto\\\/dosificador-hidraulico-dosabox-junior\\\/\",\"name\":\"Dosificador Hidr\u00e1ulico Dosabox Junior - Todoriego Insumos SRL\",\"isPartOf\":{\"@id\":\"https:\\\/\\\/www.todoriego.com.ar\\\/site\\\/#website\"},\"primaryImageOfPage\":{\"@id\":\"https:\\\/\\\/www.todoriego.com.ar\\\/site\\\/producto\\\/dosificador-hidraulico-dosabox-junior\\\/#primaryimage\"},\"image\":{\"@id\":\"https:\\\/\\\/www.todoriego.com.ar\\\/site\\\/producto\\\/dosificador-hidraulico-dosabox-junior\\\/#primaryimage\"},\"thumbnailUrl\":\"https:\\\/\\\/www.todoriego.com.ar\\\/site\\\/wp-content\\\/uploads\\\/2022\\\/07\\\/dosabox.jpg\",\"datePublished\":\"2022-07-26T18:25:35+00:00\",\"dateModified\":\"2022-07-26T18:25:36+00:00\",\"description\":\"Los irrigadores de fertilizante por aspersi\u00f3n Irritec conjugan practicidad y fiabilidad con un moderno sistema de inyecci\u00f3n de las soluciones nutritivas. La gesti\u00f3n del fertilizante es regulada por simples recetas de aspersi\u00f3n de fertilizantes que pueden plantearse seg\u00fan las necesidades agron\u00f3micas y nutricionales de los cultivos.\",\"breadcrumb\":{\"@id\":\"https:\\\/\\\/www.todoriego.com.ar\\\/site\\\/producto\\\/dosificador-hidraulico-dosabox-junior\\\/#breadcrumb\"},\"inLanguage\":\"es-AR\",\"potentialAction\":[{\"@type\":\"ReadAction\",\"target\":[\"https:\\\/\\\/www.todoriego.com.ar\\\/site\\\/producto\\\/dosificador-hidraulico-dosabox-junior\\\/\"]}]},{\"@type\":\"ImageObject\",\"inLanguage\":\"es-AR\",\"@id\":\"https:\\\/\\\/www.todoriego.com.ar\\\/site\\\/producto\\\/dosificador-hidraulico-dosabox-junior\\\/#primaryimage\",\"url\":\"https:\\\/\\\/www.todoriego.com.ar\\\/site\\\/wp-content\\\/uploads\\\/2022\\\/07\\\/dosabox.jpg\",\"contentUrl\":\"https:\\\/\\\/www.todoriego.com.ar\\\/site\\\/wp-content\\\/uploads\\\/2022\\\/07\\\/dosabox.jpg\",\"width\":600,\"height\":600},{\"@type\":\"BreadcrumbList\",\"@id\":\"https:\\\/\\\/www.todoriego.com.ar\\\/site\\\/producto\\\/dosificador-hidraulico-dosabox-junior\\\/#breadcrumb\",\"itemListElement\":[{\"@type\":\"ListItem\",\"position\":1,\"name\":\"Inicio\",\"item\":\"https:\\\/\\\/www.todoriego.com.ar\\\/site\\\/\"},{\"@type\":\"ListItem\",\"position\":2,\"name\":\"Tienda\",\"item\":\"https:\\\/\\\/www.todoriego.com.ar\\\/site\\\/tienda\\\/\"},{\"@type\":\"ListItem\",\"position\":3,\"name\":\"Dosificador Hidr\u00e1ulico Dosabox Junior\"}]},{\"@type\":\"WebSite\",\"@id\":\"https:\\\/\\\/www.todoriego.com.ar\\\/site\\\/#website\",\"url\":\"https:\\\/\\\/www.todoriego.com.ar\\\/site\\\/\",\"name\":\"Todoriego Insumos SRL\",\"description\":\"Sabemos hacer riego\",\"publisher\":{\"@id\":\"https:\\\/\\\/www.todoriego.com.ar\\\/site\\\/#organization\"},\"potentialAction\":[{\"@type\":\"SearchAction\",\"target\":{\"@type\":\"EntryPoint\",\"urlTemplate\":\"https:\\\/\\\/www.todoriego.com.ar\\\/site\\\/?s={search_term_string}\"},\"query-input\":{\"@type\":\"PropertyValueSpecification\",\"valueRequired\":true,\"valueName\":\"search_term_string\"}}],\"inLanguage\":\"es-AR\"},{\"@type\":\"Organization\",\"@id\":\"https:\\\/\\\/www.todoriego.com.ar\\\/site\\\/#organization\",\"name\":\"Todoriego Insumos s.r.l.\",\"url\":\"https:\\\/\\\/www.todoriego.com.ar\\\/site\\\/\",\"logo\":{\"@type\":\"ImageObject\",\"inLanguage\":\"es-AR\",\"@id\":\"https:\\\/\\\/www.todoriego.com.ar\\\/site\\\/#\\\/schema\\\/logo\\\/image\\\/\",\"url\":\"http:\\\/\\\/www.todoriego.com.ar\\\/site\\\/wp-content\\\/uploads\\\/2022\\\/07\\\/todoriego_marca.jpg\",\"contentUrl\":\"http:\\\/\\\/www.todoriego.com.ar\\\/site\\\/wp-content\\\/uploads\\\/2022\\\/07\\\/todoriego_marca.jpg\",\"width\":731,\"height\":731,\"caption\":\"Todoriego Insumos s.r.l.\"},\"image\":{\"@id\":\"https:\\\/\\\/www.todoriego.com.ar\\\/site\\\/#\\\/schema\\\/logo\\\/image\\\/\"},\"sameAs\":[\"https:\\\/\\\/www.facebook.com\\\/todoriegoinsumos\\\/\",\"https:\\\/\\\/www.instagram.com\\\/todoriegoinsumos\\\/\"]}]}<\/script>\n<!-- \/ Yoast SEO plugin. -->","yoast_head_json":{"title":"Dosificador Hidr\u00e1ulico Dosabox Junior - Todoriego Insumos SRL","description":"Los irrigadores de fertilizante por aspersi\u00f3n Irritec conjugan practicidad y fiabilidad con un moderno sistema de inyecci\u00f3n de las soluciones nutritivas. La gesti\u00f3n del fertilizante es regulada por simples recetas de aspersi\u00f3n de fertilizantes que pueden plantearse seg\u00fan las necesidades agron\u00f3micas y nutricionales de los cultivos.","robots":{"index":"index","follow":"follow","max-snippet":"max-snippet:-1","max-image-preview":"max-image-preview:large","max-video-preview":"max-video-preview:-1"},"canonical":"https:\/\/www.todoriego.com.ar\/site\/producto\/dosificador-hidraulico-dosabox-junior\/","og_locale":"es_ES","og_type":"article","og_title":"Dosificador Hidr\u00e1ulico Dosabox Junior - Todoriego Insumos SRL","og_description":"Los irrigadores de fertilizante por aspersi\u00f3n Irritec conjugan practicidad y fiabilidad con un moderno sistema de inyecci\u00f3n de las soluciones nutritivas. La gesti\u00f3n del fertilizante es regulada por simples recetas de aspersi\u00f3n de fertilizantes que pueden plantearse seg\u00fan las necesidades agron\u00f3micas y nutricionales de los cultivos.","og_url":"https:\/\/www.todoriego.com.ar\/site\/producto\/dosificador-hidraulico-dosabox-junior\/","og_site_name":"Todoriego Insumos SRL","article_publisher":"https:\/\/www.facebook.com\/todoriegoinsumos\/","article_modified_time":"2022-07-26T18:25:36+00:00","og_image":[{"width":600,"height":600,"url":"https:\/\/www.todoriego.com.ar\/site\/wp-content\/uploads\/2022\/07\/dosabox.jpg","type":"image\/jpeg"}],"twitter_card":"summary_large_image","twitter_misc":{"Tiempo de lectura":"1 minuto"},"schema":{"@context":"https:\/\/schema.org","@graph":[{"@type":"WebPage","@id":"https:\/\/www.todoriego.com.ar\/site\/producto\/dosificador-hidraulico-dosabox-junior\/","url":"https:\/\/www.todoriego.com.ar\/site\/producto\/dosificador-hidraulico-dosabox-junior\/","name":"Dosificador Hidr\u00e1ulico Dosabox Junior - Todoriego Insumos SRL","isPartOf":{"@id":"https:\/\/www.todoriego.com.ar\/site\/#website"},"primaryImageOfPage":{"@id":"https:\/\/www.todoriego.com.ar\/site\/producto\/dosificador-hidraulico-dosabox-junior\/#primaryimage"},"image":{"@id":"https:\/\/www.todoriego.com.ar\/site\/producto\/dosificador-hidraulico-dosabox-junior\/#primaryimage"},"thumbnailUrl":"https:\/\/www.todoriego.com.ar\/site\/wp-content\/uploads\/2022\/07\/dosabox.jpg","datePublished":"2022-07-26T18:25:35+00:00","dateModified":"2022-07-26T18:25:36+00:00","description":"Los irrigadores de fertilizante por aspersi\u00f3n Irritec conjugan practicidad y fiabilidad con un moderno sistema de inyecci\u00f3n de las soluciones nutritivas. La gesti\u00f3n del fertilizante es regulada por simples recetas de aspersi\u00f3n de fertilizantes que pueden plantearse seg\u00fan las necesidades agron\u00f3micas y nutricionales de los cultivos.","breadcrumb":{"@id":"https:\/\/www.todoriego.com.ar\/site\/producto\/dosificador-hidraulico-dosabox-junior\/#breadcrumb"},"inLanguage":"es-AR","potentialAction":[{"@type":"ReadAction","target":["https:\/\/www.todoriego.com.ar\/site\/producto\/dosificador-hidraulico-dosabox-junior\/"]}]},{"@type":"ImageObject","inLanguage":"es-AR","@id":"https:\/\/www.todoriego.com.ar\/site\/producto\/dosificador-hidraulico-dosabox-junior\/#primaryimage","url":"https:\/\/www.todoriego.com.ar\/site\/wp-content\/uploads\/2022\/07\/dosabox.jpg","contentUrl":"https:\/\/www.todoriego.com.ar\/site\/wp-content\/uploads\/2022\/07\/dosabox.jpg","width":600,"height":600},{"@type":"BreadcrumbList","@id":"https:\/\/www.todoriego.com.ar\/site\/producto\/dosificador-hidraulico-dosabox-junior\/#breadcrumb","itemListElement":[{"@type":"ListItem","position":1,"name":"Inicio","item":"https:\/\/www.todoriego.com.ar\/site\/"},{"@type":"ListItem","position":2,"name":"Tienda","item":"https:\/\/www.todoriego.com.ar\/site\/tienda\/"},{"@type":"ListItem","position":3,"name":"Dosificador Hidr\u00e1ulico Dosabox Junior"}]},{"@type":"WebSite","@id":"https:\/\/www.todoriego.com.ar\/site\/#website","url":"https:\/\/www.todoriego.com.ar\/site\/","name":"Todoriego Insumos SRL","description":"Sabemos hacer riego","publisher":{"@id":"https:\/\/www.todoriego.com.ar\/site\/#organization"},"potentialAction":[{"@type":"SearchAction","target":{"@type":"EntryPoint","urlTemplate":"https:\/\/www.todoriego.com.ar\/site\/?s={search_term_string}"},"query-input":{"@type":"PropertyValueSpecification","valueRequired":true,"valueName":"search_term_string"}}],"inLanguage":"es-AR"},{"@type":"Organization","@id":"https:\/\/www.todoriego.com.ar\/site\/#organization","name":"Todoriego Insumos s.r.l.","url":"https:\/\/www.todoriego.com.ar\/site\/","logo":{"@type":"ImageObject","inLanguage":"es-AR","@id":"https:\/\/www.todoriego.com.ar\/site\/#\/schema\/logo\/image\/","url":"http:\/\/www.todoriego.com.ar\/site\/wp-content\/uploads\/2022\/07\/todoriego_marca.jpg","contentUrl":"http:\/\/www.todoriego.com.ar\/site\/wp-content\/uploads\/2022\/07\/todoriego_marca.jpg","width":731,"height":731,"caption":"Todoriego Insumos s.r.l."},"image":{"@id":"https:\/\/www.todoriego.com.ar\/site\/#\/schema\/logo\/image\/"},"sameAs":["https:\/\/www.facebook.com\/todoriegoinsumos\/","https:\/\/www.instagram.com\/todoriegoinsumos\/"]}]}},"_links":{"self":[{"href":"https:\/\/www.todoriego.com.ar\/site\/wp-json\/wp\/v2\/product\/8766","targetHints":{"allow":["GET"]}}],"collection":[{"href":"https:\/\/www.todoriego.com.ar\/site\/wp-json\/wp\/v2\/product"}],"about":[{"href":"https:\/\/www.todoriego.com.ar\/site\/wp-json\/wp\/v2\/types\/product"}],"wp:featuredmedia":[{"embeddable":true,"href":"https:\/\/www.todoriego.com.ar\/site\/wp-json\/wp\/v2\/media\/8767"}],"wp:attachment":[{"href":"https:\/\/www.todoriego.com.ar\/site\/wp-json\/wp\/v2\/media?parent=8766"}],"wp:term":[{"taxonomy":"product_brand","embeddable":true,"href":"https:\/\/www.todoriego.com.ar\/site\/wp-json\/wp\/v2\/product_brand?post=8766"},{"taxonomy":"product_cat","embeddable":true,"href":"https:\/\/www.todoriego.com.ar\/site\/wp-json\/wp\/v2\/product_cat?post=8766"},{"taxonomy":"product_tag","embeddable":true,"href":"https:\/\/www.todoriego.com.ar\/site\/wp-json\/wp\/v2\/product_tag?post=8766"}],"curies":[{"name":"wp","href":"https:\/\/api.w.org\/{rel}","templated":true}]}}