{"id":9045,"date":"2022-08-29T13:05:47","date_gmt":"2022-08-29T16:05:47","guid":{"rendered":"http:\/\/www.todoriego.com.ar\/site\/?post_type=product&#038;p=9045"},"modified":"2022-08-29T13:11:06","modified_gmt":"2022-08-29T16:11:06","slug":"borboteador-serie-1300-a-f","status":"publish","type":"product","link":"https:\/\/www.todoriego.com.ar\/site\/producto\/borboteador-serie-1300-a-f\/","title":{"rendered":"Borboteador Serie 1300 A\/F"},"content":{"rendered":"<p>Los borboteadores para flores de la serie 1300 de <strong>Rain Bird<\/strong> ofrecen un suave manto de agua controlada para el riego de \u00e1rboles, flores y zonas de arbustos compensaci\u00f3n de presi\u00f3n. Monte estos borboteadores en los tubos elevadores macho de \u00bd&#8221; para regar eficazmente zonas de 1&#8242; a 3&#8242;.<\/p>\n<p>Caracter\u00edsticas<br \/>\nEl tornillo de ajuste de acero inoxidable regula el flujo y el radio para obtener una separaci\u00f3n de 1 a 3 pies (0,3 m a 0,9 m).<br \/>\nEstructura no corrosiva de pl\u00e1stico y acero inoxidable de gran durabilidad<br \/>\nEnviado con malla de filtro de entrada SR-050 1\/2\u201d (15\/21) para una instalaci\u00f3n sencilla y resistencia a la suciedad.<br \/>\nFunciona con una amplia gama de presiones.<br \/>\nSolo para patr\u00f3n de c\u00edrculo completo.<\/p>\n<p><strong>Especificaciones<\/strong><br \/>\n\u2022 Caudal: 1,0 a 2,3 gpm (3,6 a 8,4 l\/m)<br \/>\n\u2022 Separaci\u00f3n: De 1 a 3 pies (0,3 m a 0,9 m)*<br \/>\n\u2022 Presi\u00f3n: 10 a 60 psi (0,7 a 4,1 bares)<br \/>\n\u2022 Estos rangos se basan en la presi\u00f3n adecuada en la tobera.<br \/>\n\u2022 Rain Bird recomienda usar cuerpos de difusores 1800 PRS para mantener el rendimiento \u00f3ptimo de las toberas en situaciones de presi\u00f3n m\u00e1s alta<\/p>\n<p><strong>Dimensiones<\/strong><br \/>\n\u2022 Entrada: Roscada hembra de \u00bd pulgada<br \/>\n\u2022 Altura: 1&#8243;<br \/>\n\u2022 Di\u00e1metro visible: 1&#8243;<\/p>\n","protected":false},"excerpt":{"rendered":"<p><img loading=\"lazy\" decoding=\"async\" class=\"alignnone size-full wp-image-8741\" src=\"https:\/\/www.todoriego.com.ar\/site\/wp-content\/uploads\/2022\/07\/rainbird.png\" alt=\"\" width=\"103\" height=\"50\" \/><br \/>\nLa Serie 1300 de Rain Bird ofrecen un suave manto de agua controlada para el riego de \u00e1rboles, flores y zonas de arbustos con compensaci\u00f3n de presi\u00f3n.<\/p>\n","protected":false},"featured_media":9047,"template":"","meta":{"_acf_changed":false},"product_brand":[],"product_cat":[39,106],"product_tag":[],"class_list":{"0":"post-9045","1":"product","2":"type-product","3":"status-publish","4":"has-post-thumbnail","6":"product_cat-espacios-verdes","7":"product_cat-borboteador","9":"first","10":"instock","11":"shipping-taxable","12":"product-type-simple"},"acf":[],"yoast_head":"<!-- This site is optimized with the Yoast SEO plugin v27.4 - https:\/\/yoast.com\/product\/yoast-seo-wordpress\/ -->\n<title>Borboteador Serie 1300 A\/F - Todoriego Insumos SRL<\/title>\n<meta name=\"description\" content=\"La Serie 1300 de Rain Bird ofrecen un suave manto de agua controlada para el riego de \u00e1rboles, flores y zonas de arbustos con compensaci\u00f3n de presi\u00f3n.\" \/>\n<meta name=\"robots\" content=\"index, follow, max-snippet:-1, max-image-preview:large, max-video-preview:-1\" \/>\n<link rel=\"canonical\" href=\"https:\/\/www.todoriego.com.ar\/site\/producto\/borboteador-serie-1300-a-f\/\" \/>\n<meta property=\"og:locale\" content=\"es_ES\" \/>\n<meta property=\"og:type\" content=\"article\" \/>\n<meta property=\"og:title\" content=\"Borboteador Serie 1300 A\/F - Todoriego Insumos SRL\" \/>\n<meta property=\"og:description\" content=\"La Serie 1300 de Rain Bird ofrecen un suave manto de agua controlada para el riego de \u00e1rboles, flores y zonas de arbustos con compensaci\u00f3n de presi\u00f3n.\" \/>\n<meta property=\"og:url\" content=\"https:\/\/www.todoriego.com.ar\/site\/producto\/borboteador-serie-1300-a-f\/\" \/>\n<meta property=\"og:site_name\" content=\"Todoriego Insumos SRL\" \/>\n<meta property=\"article:publisher\" content=\"https:\/\/www.facebook.com\/todoriegoinsumos\/\" \/>\n<meta property=\"article:modified_time\" content=\"2022-08-29T16:11:06+00:00\" \/>\n<meta property=\"og:image\" content=\"https:\/\/www.todoriego.com.ar\/site\/wp-content\/uploads\/2022\/08\/RainBird_borboteador_1300AF.jpg\" \/>\n\t<meta property=\"og:image:width\" content=\"600\" \/>\n\t<meta property=\"og:image:height\" content=\"600\" \/>\n\t<meta property=\"og:image:type\" content=\"image\/jpeg\" \/>\n<meta name=\"twitter:card\" content=\"summary_large_image\" \/>\n<meta name=\"twitter:label1\" content=\"Tiempo de lectura\" \/>\n\t<meta name=\"twitter:data1\" content=\"1 minuto\" \/>\n<script type=\"application\/ld+json\" class=\"yoast-schema-graph\">{\"@context\":\"https:\\\/\\\/schema.org\",\"@graph\":[{\"@type\":\"WebPage\",\"@id\":\"https:\\\/\\\/www.todoriego.com.ar\\\/site\\\/producto\\\/borboteador-serie-1300-a-f\\\/\",\"url\":\"https:\\\/\\\/www.todoriego.com.ar\\\/site\\\/producto\\\/borboteador-serie-1300-a-f\\\/\",\"name\":\"Borboteador Serie 1300 A\\\/F - Todoriego Insumos SRL\",\"isPartOf\":{\"@id\":\"https:\\\/\\\/www.todoriego.com.ar\\\/site\\\/#website\"},\"primaryImageOfPage\":{\"@id\":\"https:\\\/\\\/www.todoriego.com.ar\\\/site\\\/producto\\\/borboteador-serie-1300-a-f\\\/#primaryimage\"},\"image\":{\"@id\":\"https:\\\/\\\/www.todoriego.com.ar\\\/site\\\/producto\\\/borboteador-serie-1300-a-f\\\/#primaryimage\"},\"thumbnailUrl\":\"https:\\\/\\\/www.todoriego.com.ar\\\/site\\\/wp-content\\\/uploads\\\/2022\\\/08\\\/RainBird_borboteador_1300AF.jpg\",\"datePublished\":\"2022-08-29T16:05:47+00:00\",\"dateModified\":\"2022-08-29T16:11:06+00:00\",\"description\":\"La Serie 1300 de Rain Bird ofrecen un suave manto de agua controlada para el riego de \u00e1rboles, flores y zonas de arbustos con compensaci\u00f3n de presi\u00f3n.\",\"breadcrumb\":{\"@id\":\"https:\\\/\\\/www.todoriego.com.ar\\\/site\\\/producto\\\/borboteador-serie-1300-a-f\\\/#breadcrumb\"},\"inLanguage\":\"es-AR\",\"potentialAction\":[{\"@type\":\"ReadAction\",\"target\":[\"https:\\\/\\\/www.todoriego.com.ar\\\/site\\\/producto\\\/borboteador-serie-1300-a-f\\\/\"]}]},{\"@type\":\"ImageObject\",\"inLanguage\":\"es-AR\",\"@id\":\"https:\\\/\\\/www.todoriego.com.ar\\\/site\\\/producto\\\/borboteador-serie-1300-a-f\\\/#primaryimage\",\"url\":\"https:\\\/\\\/www.todoriego.com.ar\\\/site\\\/wp-content\\\/uploads\\\/2022\\\/08\\\/RainBird_borboteador_1300AF.jpg\",\"contentUrl\":\"https:\\\/\\\/www.todoriego.com.ar\\\/site\\\/wp-content\\\/uploads\\\/2022\\\/08\\\/RainBird_borboteador_1300AF.jpg\",\"width\":600,\"height\":600},{\"@type\":\"BreadcrumbList\",\"@id\":\"https:\\\/\\\/www.todoriego.com.ar\\\/site\\\/producto\\\/borboteador-serie-1300-a-f\\\/#breadcrumb\",\"itemListElement\":[{\"@type\":\"ListItem\",\"position\":1,\"name\":\"Inicio\",\"item\":\"https:\\\/\\\/www.todoriego.com.ar\\\/site\\\/\"},{\"@type\":\"ListItem\",\"position\":2,\"name\":\"Tienda\",\"item\":\"https:\\\/\\\/www.todoriego.com.ar\\\/site\\\/tienda\\\/\"},{\"@type\":\"ListItem\",\"position\":3,\"name\":\"Borboteador Serie 1300 A\\\/F\"}]},{\"@type\":\"WebSite\",\"@id\":\"https:\\\/\\\/www.todoriego.com.ar\\\/site\\\/#website\",\"url\":\"https:\\\/\\\/www.todoriego.com.ar\\\/site\\\/\",\"name\":\"Todoriego Insumos SRL\",\"description\":\"Sabemos hacer riego\",\"publisher\":{\"@id\":\"https:\\\/\\\/www.todoriego.com.ar\\\/site\\\/#organization\"},\"potentialAction\":[{\"@type\":\"SearchAction\",\"target\":{\"@type\":\"EntryPoint\",\"urlTemplate\":\"https:\\\/\\\/www.todoriego.com.ar\\\/site\\\/?s={search_term_string}\"},\"query-input\":{\"@type\":\"PropertyValueSpecification\",\"valueRequired\":true,\"valueName\":\"search_term_string\"}}],\"inLanguage\":\"es-AR\"},{\"@type\":\"Organization\",\"@id\":\"https:\\\/\\\/www.todoriego.com.ar\\\/site\\\/#organization\",\"name\":\"Todoriego Insumos s.r.l.\",\"url\":\"https:\\\/\\\/www.todoriego.com.ar\\\/site\\\/\",\"logo\":{\"@type\":\"ImageObject\",\"inLanguage\":\"es-AR\",\"@id\":\"https:\\\/\\\/www.todoriego.com.ar\\\/site\\\/#\\\/schema\\\/logo\\\/image\\\/\",\"url\":\"http:\\\/\\\/www.todoriego.com.ar\\\/site\\\/wp-content\\\/uploads\\\/2022\\\/07\\\/todoriego_marca.jpg\",\"contentUrl\":\"http:\\\/\\\/www.todoriego.com.ar\\\/site\\\/wp-content\\\/uploads\\\/2022\\\/07\\\/todoriego_marca.jpg\",\"width\":731,\"height\":731,\"caption\":\"Todoriego Insumos s.r.l.\"},\"image\":{\"@id\":\"https:\\\/\\\/www.todoriego.com.ar\\\/site\\\/#\\\/schema\\\/logo\\\/image\\\/\"},\"sameAs\":[\"https:\\\/\\\/www.facebook.com\\\/todoriegoinsumos\\\/\",\"https:\\\/\\\/www.instagram.com\\\/todoriegoinsumos\\\/\"]}]}<\/script>\n<!-- \/ Yoast SEO plugin. -->","yoast_head_json":{"title":"Borboteador Serie 1300 A\/F - Todoriego Insumos SRL","description":"La Serie 1300 de Rain Bird ofrecen un suave manto de agua controlada para el riego de \u00e1rboles, flores y zonas de arbustos con compensaci\u00f3n de presi\u00f3n.","robots":{"index":"index","follow":"follow","max-snippet":"max-snippet:-1","max-image-preview":"max-image-preview:large","max-video-preview":"max-video-preview:-1"},"canonical":"https:\/\/www.todoriego.com.ar\/site\/producto\/borboteador-serie-1300-a-f\/","og_locale":"es_ES","og_type":"article","og_title":"Borboteador Serie 1300 A\/F - Todoriego Insumos SRL","og_description":"La Serie 1300 de Rain Bird ofrecen un suave manto de agua controlada para el riego de \u00e1rboles, flores y zonas de arbustos con compensaci\u00f3n de presi\u00f3n.","og_url":"https:\/\/www.todoriego.com.ar\/site\/producto\/borboteador-serie-1300-a-f\/","og_site_name":"Todoriego Insumos SRL","article_publisher":"https:\/\/www.facebook.com\/todoriegoinsumos\/","article_modified_time":"2022-08-29T16:11:06+00:00","og_image":[{"width":600,"height":600,"url":"https:\/\/www.todoriego.com.ar\/site\/wp-content\/uploads\/2022\/08\/RainBird_borboteador_1300AF.jpg","type":"image\/jpeg"}],"twitter_card":"summary_large_image","twitter_misc":{"Tiempo de lectura":"1 minuto"},"schema":{"@context":"https:\/\/schema.org","@graph":[{"@type":"WebPage","@id":"https:\/\/www.todoriego.com.ar\/site\/producto\/borboteador-serie-1300-a-f\/","url":"https:\/\/www.todoriego.com.ar\/site\/producto\/borboteador-serie-1300-a-f\/","name":"Borboteador Serie 1300 A\/F - Todoriego Insumos SRL","isPartOf":{"@id":"https:\/\/www.todoriego.com.ar\/site\/#website"},"primaryImageOfPage":{"@id":"https:\/\/www.todoriego.com.ar\/site\/producto\/borboteador-serie-1300-a-f\/#primaryimage"},"image":{"@id":"https:\/\/www.todoriego.com.ar\/site\/producto\/borboteador-serie-1300-a-f\/#primaryimage"},"thumbnailUrl":"https:\/\/www.todoriego.com.ar\/site\/wp-content\/uploads\/2022\/08\/RainBird_borboteador_1300AF.jpg","datePublished":"2022-08-29T16:05:47+00:00","dateModified":"2022-08-29T16:11:06+00:00","description":"La Serie 1300 de Rain Bird ofrecen un suave manto de agua controlada para el riego de \u00e1rboles, flores y zonas de arbustos con compensaci\u00f3n de presi\u00f3n.","breadcrumb":{"@id":"https:\/\/www.todoriego.com.ar\/site\/producto\/borboteador-serie-1300-a-f\/#breadcrumb"},"inLanguage":"es-AR","potentialAction":[{"@type":"ReadAction","target":["https:\/\/www.todoriego.com.ar\/site\/producto\/borboteador-serie-1300-a-f\/"]}]},{"@type":"ImageObject","inLanguage":"es-AR","@id":"https:\/\/www.todoriego.com.ar\/site\/producto\/borboteador-serie-1300-a-f\/#primaryimage","url":"https:\/\/www.todoriego.com.ar\/site\/wp-content\/uploads\/2022\/08\/RainBird_borboteador_1300AF.jpg","contentUrl":"https:\/\/www.todoriego.com.ar\/site\/wp-content\/uploads\/2022\/08\/RainBird_borboteador_1300AF.jpg","width":600,"height":600},{"@type":"BreadcrumbList","@id":"https:\/\/www.todoriego.com.ar\/site\/producto\/borboteador-serie-1300-a-f\/#breadcrumb","itemListElement":[{"@type":"ListItem","position":1,"name":"Inicio","item":"https:\/\/www.todoriego.com.ar\/site\/"},{"@type":"ListItem","position":2,"name":"Tienda","item":"https:\/\/www.todoriego.com.ar\/site\/tienda\/"},{"@type":"ListItem","position":3,"name":"Borboteador Serie 1300 A\/F"}]},{"@type":"WebSite","@id":"https:\/\/www.todoriego.com.ar\/site\/#website","url":"https:\/\/www.todoriego.com.ar\/site\/","name":"Todoriego Insumos SRL","description":"Sabemos hacer riego","publisher":{"@id":"https:\/\/www.todoriego.com.ar\/site\/#organization"},"potentialAction":[{"@type":"SearchAction","target":{"@type":"EntryPoint","urlTemplate":"https:\/\/www.todoriego.com.ar\/site\/?s={search_term_string}"},"query-input":{"@type":"PropertyValueSpecification","valueRequired":true,"valueName":"search_term_string"}}],"inLanguage":"es-AR"},{"@type":"Organization","@id":"https:\/\/www.todoriego.com.ar\/site\/#organization","name":"Todoriego Insumos s.r.l.","url":"https:\/\/www.todoriego.com.ar\/site\/","logo":{"@type":"ImageObject","inLanguage":"es-AR","@id":"https:\/\/www.todoriego.com.ar\/site\/#\/schema\/logo\/image\/","url":"http:\/\/www.todoriego.com.ar\/site\/wp-content\/uploads\/2022\/07\/todoriego_marca.jpg","contentUrl":"http:\/\/www.todoriego.com.ar\/site\/wp-content\/uploads\/2022\/07\/todoriego_marca.jpg","width":731,"height":731,"caption":"Todoriego Insumos s.r.l."},"image":{"@id":"https:\/\/www.todoriego.com.ar\/site\/#\/schema\/logo\/image\/"},"sameAs":["https:\/\/www.facebook.com\/todoriegoinsumos\/","https:\/\/www.instagram.com\/todoriegoinsumos\/"]}]}},"_links":{"self":[{"href":"https:\/\/www.todoriego.com.ar\/site\/wp-json\/wp\/v2\/product\/9045","targetHints":{"allow":["GET"]}}],"collection":[{"href":"https:\/\/www.todoriego.com.ar\/site\/wp-json\/wp\/v2\/product"}],"about":[{"href":"https:\/\/www.todoriego.com.ar\/site\/wp-json\/wp\/v2\/types\/product"}],"wp:featuredmedia":[{"embeddable":true,"href":"https:\/\/www.todoriego.com.ar\/site\/wp-json\/wp\/v2\/media\/9047"}],"wp:attachment":[{"href":"https:\/\/www.todoriego.com.ar\/site\/wp-json\/wp\/v2\/media?parent=9045"}],"wp:term":[{"taxonomy":"product_brand","embeddable":true,"href":"https:\/\/www.todoriego.com.ar\/site\/wp-json\/wp\/v2\/product_brand?post=9045"},{"taxonomy":"product_cat","embeddable":true,"href":"https:\/\/www.todoriego.com.ar\/site\/wp-json\/wp\/v2\/product_cat?post=9045"},{"taxonomy":"product_tag","embeddable":true,"href":"https:\/\/www.todoriego.com.ar\/site\/wp-json\/wp\/v2\/product_tag?post=9045"}],"curies":[{"name":"wp","href":"https:\/\/api.w.org\/{rel}","templated":true}]}}