{"id":9079,"date":"2022-08-30T12:30:23","date_gmt":"2022-08-30T15:30:23","guid":{"rendered":"http:\/\/www.todoriego.com.ar\/site\/?post_type=product&#038;p=9079"},"modified":"2022-08-30T12:37:21","modified_gmt":"2022-08-30T15:37:21","slug":"controlador-serie-esp-me3","status":"publish","type":"product","link":"https:\/\/www.todoriego.com.ar\/site\/producto\/controlador-serie-esp-me3\/","title":{"rendered":"Controlador Serie ESP-ME3"},"content":{"rendered":"<p>Controlador Serie\u00a0<strong>ESP-ME3 <\/strong>es el programador de riego m\u00e1s flexible del mercado que admite monitorizaci\u00f3n del caudal, conexi\u00f3n con <em>wifi LNK2<\/em> y ampliable hasta 22 estaciones.<br \/>\nEl programador <strong>ESP-ME3<\/strong> de 4 a 22 estaciones ofrece las caracter\u00edsticas que los clientes necesitan. Instale el mismo programador en zonas residenciales y peque\u00f1as zonas comerciales. A\u00f1ada m\u00f3dulos de estaci\u00f3n cuando ampl\u00ede el riego sin necesidad de quitar o incluso apagar el programador.<\/p>\n<p>Actualice el <strong>ESP-ME3<\/strong> a un programador SMART con homologaci\u00f3n <em>WaterSense<\/em> de la EPA incorporando el m\u00f3dulo wifi LNK2 y un sensor de lluvia WR2. El LNK2 facilita la programaci\u00f3n y la supervisi\u00f3n mediante la aplicaci\u00f3n actualizada de <em>Rain Bird\u2122<\/em>.<\/p>\n<p>Instale un sensor de caudal para lograr una supervisi\u00f3n del agua a\u00fan mayor y una protecci\u00f3n contra la rotura del sistema de riego.<\/p>\n<p><strong>Caracter\u00edsticas<\/strong><br \/>\n\u2022 Actualizable para monitoreo remoto y control a trav\u00e9s de Wi-Fi en dispositivos m\u00f3viles iOS y Android (el m\u00f3dulo <em>LNK2 WiFi<\/em> se vende por separado).<br \/>\n\u2022 La informaci\u00f3n meteorol\u00f3gica de internet se puede utilizar para introducir ajustes diarios a los horarios de riego, lo que significar\u00e1 un ahorro de hasta el 30 % de agua ( el m\u00f3dulo <em>LNK2 WiFi<\/em> se vende por separado).<br \/>\n\u2022 Gran pantalla LCD con interfaz de usuario de f\u00e1cil navegaci\u00f3n<br \/>\n\u2022 Circuito de arranque de v\u00e1lvula maestra\/bomba<br \/>\n\u2022 Memoria de almacenamiento no vol\u00e1til (100 a\u00f1os)<br \/>\n\u2022 Programable de forma remota con bater\u00eda de 9 V (no incluida)<br \/>\n\u2022 La fijaci\u00f3n de horarios seg\u00fan programa permite que haya 4 programas individuales con 6 horarios de arranque independientes por programa para 24 horarios de arranque en total<br \/>\n\u2022 Opciones de programaci\u00f3n de riego: por d\u00edas de la semana, d\u00edas naturales IMPARES, d\u00edas naturales PARES o c\u00edclico (cada 1 \u2013 30 d\u00edas) Caracter\u00edsticas avanzadas<br \/>\n\u2022 Diagn\u00f3stico avanzado y detecci\u00f3n corta con alerta LED<br \/>\n\u2022 Guardar\/restaurar programa(s) guardado(s) con Contractor Default\u2122<br \/>\n\u2022 Omisi\u00f3n del sensor de lluvia por estaci\u00f3n<br \/>\n\u2022 Retardo de riego por hasta 14 d\u00edas (se aplica \u00fanicamente a estaciones no configuradas para ignorar el sensor de lluvia)<br \/>\n\u2022 Opci\u00f3n de riego manual por programa o estaci\u00f3n<br \/>\n\u2022 Ajuste estacional aplicado a todos los programas o a un programa individual<br \/>\n\u2022 Retraso entre v\u00e1lvulas ajustable (por defecto, ajustado a 0)<br \/>\n\u2022 Apertura\/cierre de v\u00e1lvula maestra por estaci\u00f3n<br \/>\n\u2022 Caracter\u00edsticas espec\u00edficas de ESP-ME3<br \/>\n\u2022 Capacidad de detecci\u00f3n de caudal incorporada<br \/>\n\u2022 Facilidad de instalaci\u00f3n en interior o exterior con cable de alimentaci\u00f3n preinstalado<br \/>\n\u2022 Pantalla LCD retroiluminada para mejor visibilidad en condiciones de poca luz y luz solar directa<\/p>\n<p><strong>Especificaciones de operaci\u00f3n<\/strong><br \/>\n\u2022 Arranques por estaci\u00f3n: 1 minuto a 6 horas<br \/>\n\u2022 Control estacional: 5% a 200%<br \/>\n\u2022 Temperatura m\u00e1xima de funcionamiento: 149 \u00b0F (65 \u00b0C)<br \/>\n\u2022 Especificaciones el\u00e9ctricas<br \/>\n\u2022 Entrada requerida: 120V\u223f, 60Hz, 0.3A (Modelos internacionales: 230V\u223f, 50-60Hz, 0.136A)<br \/>\n\u2022 Salida: 25,5V\u223f, 60Hz, 1A (Modelos internacionales: 24V\u223f, 50-60Hz, 1.0A)<br \/>\n\u2022 V\u00e1lvula maestra\/rel\u00e9 de arranque de bombas<br \/>\n\u2022 Tensi\u00f3n de funcionamiento: 24 V CA 50\/60 Hz<br \/>\n\u2022 Corriente de irrupci\u00f3n m\u00e1xima de bobina: 11 VA<br \/>\n\u2022 Corriente de mantenimiento m\u00e1xima de bobina: 5 VA<br \/>\n\u2022 Consumo de energ\u00eda inactivo\/apagado 0,06 amperios a 120 V CA<br \/>\n\u2022 No requiere respaldo de alimentaci\u00f3n. La memoria no vol\u00e1til almacena permanentemente la programaci\u00f3n actual y una bater\u00eda de litio con 10 a\u00f1os de vida \u00fatil protege la hora y la fecha del programador durante los cortes del fluido el\u00e9ctrico.<\/p>\n","protected":false},"excerpt":{"rendered":"<p><img loading=\"lazy\" decoding=\"async\" class=\"alignnone size-full wp-image-8741\" src=\"https:\/\/www.todoriego.com.ar\/site\/wp-content\/uploads\/2022\/07\/rainbird.png\" alt=\"\" width=\"103\" height=\"50\" \/><br \/>\nControlador Serie\u00a0<strong>ESP-ME3 <\/strong>es el programador de riego m\u00e1s flexible del mercado que admite monitorizaci\u00f3n del caudal, conexi\u00f3n con <em>wifi LNK2<\/em> y ampliable hasta 22 estaciones.<\/p>\n","protected":false},"featured_media":9077,"template":"","meta":{"_acf_changed":false},"product_brand":[],"product_cat":[39,110],"product_tag":[],"class_list":{"0":"post-9079","1":"product","2":"type-product","3":"status-publish","4":"has-post-thumbnail","6":"product_cat-espacios-verdes","7":"product_cat-controladores","9":"first","10":"instock","11":"shipping-taxable","12":"product-type-simple"},"acf":[],"yoast_head":"<!-- This site is optimized with the Yoast SEO plugin v27.5 - https:\/\/yoast.com\/product\/yoast-seo-wordpress\/ -->\n<title>Controlador Serie ESP-ME3 - Todoriego Insumos SRL<\/title>\n<meta name=\"description\" content=\"Controlador Serie\u00a0ESP-ME3 es el m\u00e1s flexible del mercado que admite monitorizaci\u00f3n del caudal, conexi\u00f3n con wifi LNK2 y ampliable hasta 22 estaciones.\" \/>\n<meta name=\"robots\" content=\"index, follow, max-snippet:-1, max-image-preview:large, max-video-preview:-1\" \/>\n<link rel=\"canonical\" href=\"https:\/\/www.todoriego.com.ar\/site\/producto\/controlador-serie-esp-me3\/\" \/>\n<meta property=\"og:locale\" content=\"es_ES\" \/>\n<meta property=\"og:type\" content=\"article\" \/>\n<meta property=\"og:title\" content=\"Controlador Serie ESP-ME3 - Todoriego Insumos SRL\" \/>\n<meta property=\"og:description\" content=\"Controlador Serie\u00a0ESP-ME3 es el m\u00e1s flexible del mercado que admite monitorizaci\u00f3n del caudal, conexi\u00f3n con wifi LNK2 y ampliable hasta 22 estaciones.\" \/>\n<meta property=\"og:url\" content=\"https:\/\/www.todoriego.com.ar\/site\/producto\/controlador-serie-esp-me3\/\" \/>\n<meta property=\"og:site_name\" content=\"Todoriego Insumos SRL\" \/>\n<meta property=\"article:publisher\" content=\"https:\/\/www.facebook.com\/todoriegoinsumos\/\" \/>\n<meta property=\"article:modified_time\" content=\"2022-08-30T15:37:21+00:00\" \/>\n<meta property=\"og:image\" content=\"https:\/\/www.todoriego.com.ar\/site\/wp-content\/uploads\/2022\/08\/RainBird_controlador_ESP-ME3.jpg\" \/>\n\t<meta property=\"og:image:width\" content=\"600\" \/>\n\t<meta property=\"og:image:height\" content=\"600\" \/>\n\t<meta property=\"og:image:type\" content=\"image\/jpeg\" \/>\n<meta name=\"twitter:card\" content=\"summary_large_image\" \/>\n<meta name=\"twitter:label1\" content=\"Tiempo de lectura\" \/>\n\t<meta name=\"twitter:data1\" content=\"3 minutos\" \/>\n<script type=\"application\/ld+json\" class=\"yoast-schema-graph\">{\"@context\":\"https:\\\/\\\/schema.org\",\"@graph\":[{\"@type\":\"WebPage\",\"@id\":\"https:\\\/\\\/www.todoriego.com.ar\\\/site\\\/producto\\\/controlador-serie-esp-me3\\\/\",\"url\":\"https:\\\/\\\/www.todoriego.com.ar\\\/site\\\/producto\\\/controlador-serie-esp-me3\\\/\",\"name\":\"Controlador Serie ESP-ME3 - Todoriego Insumos SRL\",\"isPartOf\":{\"@id\":\"https:\\\/\\\/www.todoriego.com.ar\\\/site\\\/#website\"},\"primaryImageOfPage\":{\"@id\":\"https:\\\/\\\/www.todoriego.com.ar\\\/site\\\/producto\\\/controlador-serie-esp-me3\\\/#primaryimage\"},\"image\":{\"@id\":\"https:\\\/\\\/www.todoriego.com.ar\\\/site\\\/producto\\\/controlador-serie-esp-me3\\\/#primaryimage\"},\"thumbnailUrl\":\"https:\\\/\\\/www.todoriego.com.ar\\\/site\\\/wp-content\\\/uploads\\\/2022\\\/08\\\/RainBird_controlador_ESP-ME3.jpg\",\"datePublished\":\"2022-08-30T15:30:23+00:00\",\"dateModified\":\"2022-08-30T15:37:21+00:00\",\"description\":\"Controlador Serie\u00a0ESP-ME3 es el m\u00e1s flexible del mercado que admite monitorizaci\u00f3n del caudal, conexi\u00f3n con wifi LNK2 y ampliable hasta 22 estaciones.\",\"breadcrumb\":{\"@id\":\"https:\\\/\\\/www.todoriego.com.ar\\\/site\\\/producto\\\/controlador-serie-esp-me3\\\/#breadcrumb\"},\"inLanguage\":\"es-AR\",\"potentialAction\":[{\"@type\":\"ReadAction\",\"target\":[\"https:\\\/\\\/www.todoriego.com.ar\\\/site\\\/producto\\\/controlador-serie-esp-me3\\\/\"]}]},{\"@type\":\"ImageObject\",\"inLanguage\":\"es-AR\",\"@id\":\"https:\\\/\\\/www.todoriego.com.ar\\\/site\\\/producto\\\/controlador-serie-esp-me3\\\/#primaryimage\",\"url\":\"https:\\\/\\\/www.todoriego.com.ar\\\/site\\\/wp-content\\\/uploads\\\/2022\\\/08\\\/RainBird_controlador_ESP-ME3.jpg\",\"contentUrl\":\"https:\\\/\\\/www.todoriego.com.ar\\\/site\\\/wp-content\\\/uploads\\\/2022\\\/08\\\/RainBird_controlador_ESP-ME3.jpg\",\"width\":600,\"height\":600},{\"@type\":\"BreadcrumbList\",\"@id\":\"https:\\\/\\\/www.todoriego.com.ar\\\/site\\\/producto\\\/controlador-serie-esp-me3\\\/#breadcrumb\",\"itemListElement\":[{\"@type\":\"ListItem\",\"position\":1,\"name\":\"Inicio\",\"item\":\"https:\\\/\\\/www.todoriego.com.ar\\\/site\\\/\"},{\"@type\":\"ListItem\",\"position\":2,\"name\":\"Tienda\",\"item\":\"https:\\\/\\\/www.todoriego.com.ar\\\/site\\\/tienda\\\/\"},{\"@type\":\"ListItem\",\"position\":3,\"name\":\"Controlador Serie ESP-ME3\"}]},{\"@type\":\"WebSite\",\"@id\":\"https:\\\/\\\/www.todoriego.com.ar\\\/site\\\/#website\",\"url\":\"https:\\\/\\\/www.todoriego.com.ar\\\/site\\\/\",\"name\":\"Todoriego Insumos SRL\",\"description\":\"Sabemos hacer riego\",\"publisher\":{\"@id\":\"https:\\\/\\\/www.todoriego.com.ar\\\/site\\\/#organization\"},\"potentialAction\":[{\"@type\":\"SearchAction\",\"target\":{\"@type\":\"EntryPoint\",\"urlTemplate\":\"https:\\\/\\\/www.todoriego.com.ar\\\/site\\\/?s={search_term_string}\"},\"query-input\":{\"@type\":\"PropertyValueSpecification\",\"valueRequired\":true,\"valueName\":\"search_term_string\"}}],\"inLanguage\":\"es-AR\"},{\"@type\":\"Organization\",\"@id\":\"https:\\\/\\\/www.todoriego.com.ar\\\/site\\\/#organization\",\"name\":\"Todoriego Insumos s.r.l.\",\"url\":\"https:\\\/\\\/www.todoriego.com.ar\\\/site\\\/\",\"logo\":{\"@type\":\"ImageObject\",\"inLanguage\":\"es-AR\",\"@id\":\"https:\\\/\\\/www.todoriego.com.ar\\\/site\\\/#\\\/schema\\\/logo\\\/image\\\/\",\"url\":\"http:\\\/\\\/www.todoriego.com.ar\\\/site\\\/wp-content\\\/uploads\\\/2022\\\/07\\\/todoriego_marca.jpg\",\"contentUrl\":\"http:\\\/\\\/www.todoriego.com.ar\\\/site\\\/wp-content\\\/uploads\\\/2022\\\/07\\\/todoriego_marca.jpg\",\"width\":731,\"height\":731,\"caption\":\"Todoriego Insumos s.r.l.\"},\"image\":{\"@id\":\"https:\\\/\\\/www.todoriego.com.ar\\\/site\\\/#\\\/schema\\\/logo\\\/image\\\/\"},\"sameAs\":[\"https:\\\/\\\/www.facebook.com\\\/todoriegoinsumos\\\/\",\"https:\\\/\\\/www.instagram.com\\\/todoriegoinsumos\\\/\"]}]}<\/script>\n<!-- \/ Yoast SEO plugin. -->","yoast_head_json":{"title":"Controlador Serie ESP-ME3 - Todoriego Insumos SRL","description":"Controlador Serie\u00a0ESP-ME3 es el m\u00e1s flexible del mercado que admite monitorizaci\u00f3n del caudal, conexi\u00f3n con wifi LNK2 y ampliable hasta 22 estaciones.","robots":{"index":"index","follow":"follow","max-snippet":"max-snippet:-1","max-image-preview":"max-image-preview:large","max-video-preview":"max-video-preview:-1"},"canonical":"https:\/\/www.todoriego.com.ar\/site\/producto\/controlador-serie-esp-me3\/","og_locale":"es_ES","og_type":"article","og_title":"Controlador Serie ESP-ME3 - Todoriego Insumos SRL","og_description":"Controlador Serie\u00a0ESP-ME3 es el m\u00e1s flexible del mercado que admite monitorizaci\u00f3n del caudal, conexi\u00f3n con wifi LNK2 y ampliable hasta 22 estaciones.","og_url":"https:\/\/www.todoriego.com.ar\/site\/producto\/controlador-serie-esp-me3\/","og_site_name":"Todoriego Insumos SRL","article_publisher":"https:\/\/www.facebook.com\/todoriegoinsumos\/","article_modified_time":"2022-08-30T15:37:21+00:00","og_image":[{"width":600,"height":600,"url":"https:\/\/www.todoriego.com.ar\/site\/wp-content\/uploads\/2022\/08\/RainBird_controlador_ESP-ME3.jpg","type":"image\/jpeg"}],"twitter_card":"summary_large_image","twitter_misc":{"Tiempo de lectura":"3 minutos"},"schema":{"@context":"https:\/\/schema.org","@graph":[{"@type":"WebPage","@id":"https:\/\/www.todoriego.com.ar\/site\/producto\/controlador-serie-esp-me3\/","url":"https:\/\/www.todoriego.com.ar\/site\/producto\/controlador-serie-esp-me3\/","name":"Controlador Serie ESP-ME3 - Todoriego Insumos SRL","isPartOf":{"@id":"https:\/\/www.todoriego.com.ar\/site\/#website"},"primaryImageOfPage":{"@id":"https:\/\/www.todoriego.com.ar\/site\/producto\/controlador-serie-esp-me3\/#primaryimage"},"image":{"@id":"https:\/\/www.todoriego.com.ar\/site\/producto\/controlador-serie-esp-me3\/#primaryimage"},"thumbnailUrl":"https:\/\/www.todoriego.com.ar\/site\/wp-content\/uploads\/2022\/08\/RainBird_controlador_ESP-ME3.jpg","datePublished":"2022-08-30T15:30:23+00:00","dateModified":"2022-08-30T15:37:21+00:00","description":"Controlador Serie\u00a0ESP-ME3 es el m\u00e1s flexible del mercado que admite monitorizaci\u00f3n del caudal, conexi\u00f3n con wifi LNK2 y ampliable hasta 22 estaciones.","breadcrumb":{"@id":"https:\/\/www.todoriego.com.ar\/site\/producto\/controlador-serie-esp-me3\/#breadcrumb"},"inLanguage":"es-AR","potentialAction":[{"@type":"ReadAction","target":["https:\/\/www.todoriego.com.ar\/site\/producto\/controlador-serie-esp-me3\/"]}]},{"@type":"ImageObject","inLanguage":"es-AR","@id":"https:\/\/www.todoriego.com.ar\/site\/producto\/controlador-serie-esp-me3\/#primaryimage","url":"https:\/\/www.todoriego.com.ar\/site\/wp-content\/uploads\/2022\/08\/RainBird_controlador_ESP-ME3.jpg","contentUrl":"https:\/\/www.todoriego.com.ar\/site\/wp-content\/uploads\/2022\/08\/RainBird_controlador_ESP-ME3.jpg","width":600,"height":600},{"@type":"BreadcrumbList","@id":"https:\/\/www.todoriego.com.ar\/site\/producto\/controlador-serie-esp-me3\/#breadcrumb","itemListElement":[{"@type":"ListItem","position":1,"name":"Inicio","item":"https:\/\/www.todoriego.com.ar\/site\/"},{"@type":"ListItem","position":2,"name":"Tienda","item":"https:\/\/www.todoriego.com.ar\/site\/tienda\/"},{"@type":"ListItem","position":3,"name":"Controlador Serie ESP-ME3"}]},{"@type":"WebSite","@id":"https:\/\/www.todoriego.com.ar\/site\/#website","url":"https:\/\/www.todoriego.com.ar\/site\/","name":"Todoriego Insumos SRL","description":"Sabemos hacer riego","publisher":{"@id":"https:\/\/www.todoriego.com.ar\/site\/#organization"},"potentialAction":[{"@type":"SearchAction","target":{"@type":"EntryPoint","urlTemplate":"https:\/\/www.todoriego.com.ar\/site\/?s={search_term_string}"},"query-input":{"@type":"PropertyValueSpecification","valueRequired":true,"valueName":"search_term_string"}}],"inLanguage":"es-AR"},{"@type":"Organization","@id":"https:\/\/www.todoriego.com.ar\/site\/#organization","name":"Todoriego Insumos s.r.l.","url":"https:\/\/www.todoriego.com.ar\/site\/","logo":{"@type":"ImageObject","inLanguage":"es-AR","@id":"https:\/\/www.todoriego.com.ar\/site\/#\/schema\/logo\/image\/","url":"http:\/\/www.todoriego.com.ar\/site\/wp-content\/uploads\/2022\/07\/todoriego_marca.jpg","contentUrl":"http:\/\/www.todoriego.com.ar\/site\/wp-content\/uploads\/2022\/07\/todoriego_marca.jpg","width":731,"height":731,"caption":"Todoriego Insumos s.r.l."},"image":{"@id":"https:\/\/www.todoriego.com.ar\/site\/#\/schema\/logo\/image\/"},"sameAs":["https:\/\/www.facebook.com\/todoriegoinsumos\/","https:\/\/www.instagram.com\/todoriegoinsumos\/"]}]}},"_links":{"self":[{"href":"https:\/\/www.todoriego.com.ar\/site\/wp-json\/wp\/v2\/product\/9079","targetHints":{"allow":["GET"]}}],"collection":[{"href":"https:\/\/www.todoriego.com.ar\/site\/wp-json\/wp\/v2\/product"}],"about":[{"href":"https:\/\/www.todoriego.com.ar\/site\/wp-json\/wp\/v2\/types\/product"}],"wp:featuredmedia":[{"embeddable":true,"href":"https:\/\/www.todoriego.com.ar\/site\/wp-json\/wp\/v2\/media\/9077"}],"wp:attachment":[{"href":"https:\/\/www.todoriego.com.ar\/site\/wp-json\/wp\/v2\/media?parent=9079"}],"wp:term":[{"taxonomy":"product_brand","embeddable":true,"href":"https:\/\/www.todoriego.com.ar\/site\/wp-json\/wp\/v2\/product_brand?post=9079"},{"taxonomy":"product_cat","embeddable":true,"href":"https:\/\/www.todoriego.com.ar\/site\/wp-json\/wp\/v2\/product_cat?post=9079"},{"taxonomy":"product_tag","embeddable":true,"href":"https:\/\/www.todoriego.com.ar\/site\/wp-json\/wp\/v2\/product_tag?post=9079"}],"curies":[{"name":"wp","href":"https:\/\/api.w.org\/{rel}","templated":true}]}}