{"id":9111,"date":"2022-08-31T17:59:59","date_gmt":"2022-08-31T20:59:59","guid":{"rendered":"http:\/\/www.todoriego.com.ar\/site\/?post_type=product&#038;p=9111"},"modified":"2024-11-21T12:37:24","modified_gmt":"2024-11-21T15:37:24","slug":"tuberia-de-goteo-xfs","status":"publish","type":"product","link":"https:\/\/www.todoriego.com.ar\/site\/producto\/tuberia-de-goteo-xfs\/","title":{"rendered":"Tuberia de Goteo XFS"},"content":{"rendered":"<p>Tuber\u00eda de goteo subterr\u00e1nea <strong>XFS<\/strong> con tecnolog\u00eda <strong>Copper Shield\u2122\u00a0<\/strong><br \/>\nLa tuber\u00eda de goteo subterr\u00e1nea <em>Rain Bird\u00ae<\/em> <strong>XFS<\/strong> de color cobre con tecnolog\u00eda <strong>Copper Shield\u2122<\/strong> es la innovaci\u00f3n m\u00e1s reciente de la familia de riego localizado de <em>Rain Bird<\/em>. La tecnolog\u00eda <strong>Copper Shield<\/strong> de <em><strong>Rain Bird<\/strong><\/em>, protege el gotero de la entrada de ra\u00edces, creando un sistema de riego por goteo subterr\u00e1neo de larga duraci\u00f3n y bajo mantenimiento para su utilizaci\u00f3n bajo el c\u00e9sped o arbustos y \u00e1reas de cubiertas vegetales. Su material de tuber\u00eda patentado hace de la tuber\u00eda con goteros para enterrar <strong>XFS<\/strong> con tecnolog\u00eda <strong>Copper Shield<\/strong> el m\u00e1s flexible de la industria y la tuber\u00eda goteo subterr\u00e1nea m\u00e1s f\u00e1cil de dise\u00f1ar e instalar.<\/p>\n<p>El brillante color met\u00e1lico del cobre en el exterior asegura que el <strong>Copper Shield\u2122<\/strong> est\u00e1 en el interior.<\/p>\n<p><strong>Caracter\u00edsticas<\/strong><br \/>\n<strong>Simple<\/strong><br \/>\n\u2022 El dise\u00f1o de emisor de bajo perfil de Rain Bird reduce la p\u00e9rdida de presi\u00f3n en la l\u00ednea y permite trazados laterales m\u00e1s largos, lo que simplifica el dise\u00f1o y reduce el tiempo de instalaci\u00f3n<br \/>\n\u2022 Los diversos caudales y espaciamientos de los emisores, y las longitudes de la bobina proporcionan flexibilidad de dise\u00f1o para aplicaciones subterr\u00e1neas tanto para c\u00e9sped como para arbustos y cubiertas vegetales<br \/>\n<strong>Confiable<\/strong><br \/>\n\u2022 Los goteros de las tuber\u00edas con goteros para enterrar XFS est\u00e1n protegidos frente a invasiones de ra\u00edces mediante la tecnolog\u00eda de Rain Bird Copper Shield\u2122, con patente en \u2022 tr\u00e1mite, que da como resultado un sistema que no requiere mantenimiento ni reemplazo de qu\u00edmicos para impedir la invasi\u00f3n de ra\u00edces<br \/>\n\u2022 El dise\u00f1o del emisor con compensaci\u00f3n de presi\u00f3n proporciona un caudal uniforme en toda la longitud lateral, lo cual asegura una mayor uniformidad para aumentar la fiabilidad en el rango de presi\u00f3n de 20 a 60 psi<br \/>\n<strong>Duradero<\/strong><br \/>\n\u2022 La tuber\u00eda de doble capa (cobre sobre negro) proporciona una resistencia sin competencia a los productos qu\u00edmicos, crecimiento de algas y da\u00f1os de los rayos UV.<br \/>\n\u2022 Tolerante a la arenilla: El dise\u00f1o patentado del emisor de Rain Bird resiste las obstrucciones al utilizar una v\u00eda de caudal extraancha en combinaci\u00f3n con un sistema autolimpiante.<\/p>\n<p><strong>Especificaciones<\/strong><br \/>\n\u2022 Intervalo de funcionamiento<br \/>\n\u2022 Presi\u00f3n: 8,5 a 60 psi (0,58 a 4,14 bares)<br \/>\n\u2022 Caudales: 0.4 gph, 0.6 y 0.9 gph (1.6 l\/h, 2.3 l\/h y 3.5 l\/h)<br \/>\n\u2022 Temperatura:<br \/>\n\u2013 Agua: Hasta 100 \u00b0F (37,8 \u00b0C)<br \/>\n\u2013 Ambiente: hasta 125 \u00b0F (51.7 \u00b0C)<br \/>\n\u2022 Filtraci\u00f3n requerida: malla 120.<\/p>\n<p><strong>Especificaciones<\/strong><br \/>\n\u2022 Disponible en bobinas de 100\u2019 y 500\u2019 (30.5 m y 152.4 m)<br \/>\n\u2022 Color de la bobina: cobre<br \/>\n\u2022 Util\u00edcelo con accesorios de inserci\u00f3n para l\u00edneas de riego por goteo XF<\/p>\n","protected":false},"excerpt":{"rendered":"<p><img loading=\"lazy\" decoding=\"async\" class=\"alignnone size-full wp-image-8741\" src=\"https:\/\/www.todoriego.com.ar\/site\/wp-content\/uploads\/2022\/07\/rainbird.png\" alt=\"\" width=\"103\" height=\"50\" \/><br \/>\nLa tecnolog\u00eda <strong>Copper Shield<\/strong> de <em><strong>Rain Bird<\/strong><\/em>, protege el gotero de la entrada de ra\u00edces, creando un sistema de riego por goteo subterr\u00e1neo de larga duraci\u00f3n<\/p>\n","protected":false},"featured_media":9112,"template":"","meta":{"_acf_changed":false},"product_brand":[],"product_cat":[39,113],"product_tag":[],"class_list":{"0":"post-9111","1":"product","2":"type-product","3":"status-publish","4":"has-post-thumbnail","6":"product_cat-espacios-verdes","7":"product_cat-lateral-de-goteo-espacios-verdes","9":"first","10":"instock","11":"featured","12":"shipping-taxable","13":"product-type-simple"},"acf":[],"yoast_head":"<!-- This site is optimized with the Yoast SEO plugin v27.5 - https:\/\/yoast.com\/product\/yoast-seo-wordpress\/ -->\n<title>Tuberia de Goteo XFS - Todoriego Insumos SRL<\/title>\n<meta name=\"description\" content=\"La tecnolog\u00eda Copper Shield de Rain Bird, protege el gotero de la entrada de ra\u00edces, creando un sistema de riego por goteo subterr\u00e1neo de larga duraci\u00f3n.\" \/>\n<meta name=\"robots\" content=\"index, follow, max-snippet:-1, max-image-preview:large, max-video-preview:-1\" \/>\n<link rel=\"canonical\" href=\"https:\/\/www.todoriego.com.ar\/site\/producto\/tuberia-de-goteo-xfs\/\" \/>\n<meta property=\"og:locale\" content=\"es_ES\" \/>\n<meta property=\"og:type\" content=\"article\" \/>\n<meta property=\"og:title\" content=\"Tuberia de Goteo XFS - Todoriego Insumos SRL\" \/>\n<meta property=\"og:description\" content=\"La tecnolog\u00eda Copper Shield de Rain Bird, protege el gotero de la entrada de ra\u00edces, creando un sistema de riego por goteo subterr\u00e1neo de larga duraci\u00f3n.\" \/>\n<meta property=\"og:url\" content=\"https:\/\/www.todoriego.com.ar\/site\/producto\/tuberia-de-goteo-xfs\/\" \/>\n<meta property=\"og:site_name\" content=\"Todoriego Insumos SRL\" \/>\n<meta property=\"article:publisher\" content=\"https:\/\/www.facebook.com\/todoriegoinsumos\/\" \/>\n<meta property=\"article:modified_time\" content=\"2024-11-21T15:37:24+00:00\" \/>\n<meta property=\"og:image\" content=\"https:\/\/www.todoriego.com.ar\/site\/wp-content\/uploads\/2022\/08\/RainBird_LateralCompensado_XFS.jpg\" \/>\n\t<meta property=\"og:image:width\" content=\"600\" \/>\n\t<meta property=\"og:image:height\" content=\"600\" \/>\n\t<meta property=\"og:image:type\" content=\"image\/jpeg\" \/>\n<meta name=\"twitter:card\" content=\"summary_large_image\" \/>\n<meta name=\"twitter:label1\" content=\"Tiempo de lectura\" \/>\n\t<meta name=\"twitter:data1\" content=\"3 minutos\" \/>\n<script type=\"application\/ld+json\" class=\"yoast-schema-graph\">{\"@context\":\"https:\\\/\\\/schema.org\",\"@graph\":[{\"@type\":\"WebPage\",\"@id\":\"https:\\\/\\\/www.todoriego.com.ar\\\/site\\\/producto\\\/tuberia-de-goteo-xfs\\\/\",\"url\":\"https:\\\/\\\/www.todoriego.com.ar\\\/site\\\/producto\\\/tuberia-de-goteo-xfs\\\/\",\"name\":\"Tuberia de Goteo XFS - Todoriego Insumos SRL\",\"isPartOf\":{\"@id\":\"https:\\\/\\\/www.todoriego.com.ar\\\/site\\\/#website\"},\"primaryImageOfPage\":{\"@id\":\"https:\\\/\\\/www.todoriego.com.ar\\\/site\\\/producto\\\/tuberia-de-goteo-xfs\\\/#primaryimage\"},\"image\":{\"@id\":\"https:\\\/\\\/www.todoriego.com.ar\\\/site\\\/producto\\\/tuberia-de-goteo-xfs\\\/#primaryimage\"},\"thumbnailUrl\":\"https:\\\/\\\/www.todoriego.com.ar\\\/site\\\/wp-content\\\/uploads\\\/2022\\\/08\\\/RainBird_LateralCompensado_XFS.jpg\",\"datePublished\":\"2022-08-31T20:59:59+00:00\",\"dateModified\":\"2024-11-21T15:37:24+00:00\",\"description\":\"La tecnolog\u00eda Copper Shield de Rain Bird, protege el gotero de la entrada de ra\u00edces, creando un sistema de riego por goteo subterr\u00e1neo de larga duraci\u00f3n.\",\"breadcrumb\":{\"@id\":\"https:\\\/\\\/www.todoriego.com.ar\\\/site\\\/producto\\\/tuberia-de-goteo-xfs\\\/#breadcrumb\"},\"inLanguage\":\"es-AR\",\"potentialAction\":[{\"@type\":\"ReadAction\",\"target\":[\"https:\\\/\\\/www.todoriego.com.ar\\\/site\\\/producto\\\/tuberia-de-goteo-xfs\\\/\"]}]},{\"@type\":\"ImageObject\",\"inLanguage\":\"es-AR\",\"@id\":\"https:\\\/\\\/www.todoriego.com.ar\\\/site\\\/producto\\\/tuberia-de-goteo-xfs\\\/#primaryimage\",\"url\":\"https:\\\/\\\/www.todoriego.com.ar\\\/site\\\/wp-content\\\/uploads\\\/2022\\\/08\\\/RainBird_LateralCompensado_XFS.jpg\",\"contentUrl\":\"https:\\\/\\\/www.todoriego.com.ar\\\/site\\\/wp-content\\\/uploads\\\/2022\\\/08\\\/RainBird_LateralCompensado_XFS.jpg\",\"width\":600,\"height\":600},{\"@type\":\"BreadcrumbList\",\"@id\":\"https:\\\/\\\/www.todoriego.com.ar\\\/site\\\/producto\\\/tuberia-de-goteo-xfs\\\/#breadcrumb\",\"itemListElement\":[{\"@type\":\"ListItem\",\"position\":1,\"name\":\"Inicio\",\"item\":\"https:\\\/\\\/www.todoriego.com.ar\\\/site\\\/\"},{\"@type\":\"ListItem\",\"position\":2,\"name\":\"Tienda\",\"item\":\"https:\\\/\\\/www.todoriego.com.ar\\\/site\\\/tienda\\\/\"},{\"@type\":\"ListItem\",\"position\":3,\"name\":\"Tuberia de Goteo XFS\"}]},{\"@type\":\"WebSite\",\"@id\":\"https:\\\/\\\/www.todoriego.com.ar\\\/site\\\/#website\",\"url\":\"https:\\\/\\\/www.todoriego.com.ar\\\/site\\\/\",\"name\":\"Todoriego Insumos SRL\",\"description\":\"Sabemos hacer riego\",\"publisher\":{\"@id\":\"https:\\\/\\\/www.todoriego.com.ar\\\/site\\\/#organization\"},\"potentialAction\":[{\"@type\":\"SearchAction\",\"target\":{\"@type\":\"EntryPoint\",\"urlTemplate\":\"https:\\\/\\\/www.todoriego.com.ar\\\/site\\\/?s={search_term_string}\"},\"query-input\":{\"@type\":\"PropertyValueSpecification\",\"valueRequired\":true,\"valueName\":\"search_term_string\"}}],\"inLanguage\":\"es-AR\"},{\"@type\":\"Organization\",\"@id\":\"https:\\\/\\\/www.todoriego.com.ar\\\/site\\\/#organization\",\"name\":\"Todoriego Insumos s.r.l.\",\"url\":\"https:\\\/\\\/www.todoriego.com.ar\\\/site\\\/\",\"logo\":{\"@type\":\"ImageObject\",\"inLanguage\":\"es-AR\",\"@id\":\"https:\\\/\\\/www.todoriego.com.ar\\\/site\\\/#\\\/schema\\\/logo\\\/image\\\/\",\"url\":\"http:\\\/\\\/www.todoriego.com.ar\\\/site\\\/wp-content\\\/uploads\\\/2022\\\/07\\\/todoriego_marca.jpg\",\"contentUrl\":\"http:\\\/\\\/www.todoriego.com.ar\\\/site\\\/wp-content\\\/uploads\\\/2022\\\/07\\\/todoriego_marca.jpg\",\"width\":731,\"height\":731,\"caption\":\"Todoriego Insumos s.r.l.\"},\"image\":{\"@id\":\"https:\\\/\\\/www.todoriego.com.ar\\\/site\\\/#\\\/schema\\\/logo\\\/image\\\/\"},\"sameAs\":[\"https:\\\/\\\/www.facebook.com\\\/todoriegoinsumos\\\/\",\"https:\\\/\\\/www.instagram.com\\\/todoriegoinsumos\\\/\"]}]}<\/script>\n<!-- \/ Yoast SEO plugin. -->","yoast_head_json":{"title":"Tuberia de Goteo XFS - Todoriego Insumos SRL","description":"La tecnolog\u00eda Copper Shield de Rain Bird, protege el gotero de la entrada de ra\u00edces, creando un sistema de riego por goteo subterr\u00e1neo de larga duraci\u00f3n.","robots":{"index":"index","follow":"follow","max-snippet":"max-snippet:-1","max-image-preview":"max-image-preview:large","max-video-preview":"max-video-preview:-1"},"canonical":"https:\/\/www.todoriego.com.ar\/site\/producto\/tuberia-de-goteo-xfs\/","og_locale":"es_ES","og_type":"article","og_title":"Tuberia de Goteo XFS - Todoriego Insumos SRL","og_description":"La tecnolog\u00eda Copper Shield de Rain Bird, protege el gotero de la entrada de ra\u00edces, creando un sistema de riego por goteo subterr\u00e1neo de larga duraci\u00f3n.","og_url":"https:\/\/www.todoriego.com.ar\/site\/producto\/tuberia-de-goteo-xfs\/","og_site_name":"Todoriego Insumos SRL","article_publisher":"https:\/\/www.facebook.com\/todoriegoinsumos\/","article_modified_time":"2024-11-21T15:37:24+00:00","og_image":[{"width":600,"height":600,"url":"https:\/\/www.todoriego.com.ar\/site\/wp-content\/uploads\/2022\/08\/RainBird_LateralCompensado_XFS.jpg","type":"image\/jpeg"}],"twitter_card":"summary_large_image","twitter_misc":{"Tiempo de lectura":"3 minutos"},"schema":{"@context":"https:\/\/schema.org","@graph":[{"@type":"WebPage","@id":"https:\/\/www.todoriego.com.ar\/site\/producto\/tuberia-de-goteo-xfs\/","url":"https:\/\/www.todoriego.com.ar\/site\/producto\/tuberia-de-goteo-xfs\/","name":"Tuberia de Goteo XFS - Todoriego Insumos SRL","isPartOf":{"@id":"https:\/\/www.todoriego.com.ar\/site\/#website"},"primaryImageOfPage":{"@id":"https:\/\/www.todoriego.com.ar\/site\/producto\/tuberia-de-goteo-xfs\/#primaryimage"},"image":{"@id":"https:\/\/www.todoriego.com.ar\/site\/producto\/tuberia-de-goteo-xfs\/#primaryimage"},"thumbnailUrl":"https:\/\/www.todoriego.com.ar\/site\/wp-content\/uploads\/2022\/08\/RainBird_LateralCompensado_XFS.jpg","datePublished":"2022-08-31T20:59:59+00:00","dateModified":"2024-11-21T15:37:24+00:00","description":"La tecnolog\u00eda Copper Shield de Rain Bird, protege el gotero de la entrada de ra\u00edces, creando un sistema de riego por goteo subterr\u00e1neo de larga duraci\u00f3n.","breadcrumb":{"@id":"https:\/\/www.todoriego.com.ar\/site\/producto\/tuberia-de-goteo-xfs\/#breadcrumb"},"inLanguage":"es-AR","potentialAction":[{"@type":"ReadAction","target":["https:\/\/www.todoriego.com.ar\/site\/producto\/tuberia-de-goteo-xfs\/"]}]},{"@type":"ImageObject","inLanguage":"es-AR","@id":"https:\/\/www.todoriego.com.ar\/site\/producto\/tuberia-de-goteo-xfs\/#primaryimage","url":"https:\/\/www.todoriego.com.ar\/site\/wp-content\/uploads\/2022\/08\/RainBird_LateralCompensado_XFS.jpg","contentUrl":"https:\/\/www.todoriego.com.ar\/site\/wp-content\/uploads\/2022\/08\/RainBird_LateralCompensado_XFS.jpg","width":600,"height":600},{"@type":"BreadcrumbList","@id":"https:\/\/www.todoriego.com.ar\/site\/producto\/tuberia-de-goteo-xfs\/#breadcrumb","itemListElement":[{"@type":"ListItem","position":1,"name":"Inicio","item":"https:\/\/www.todoriego.com.ar\/site\/"},{"@type":"ListItem","position":2,"name":"Tienda","item":"https:\/\/www.todoriego.com.ar\/site\/tienda\/"},{"@type":"ListItem","position":3,"name":"Tuberia de Goteo XFS"}]},{"@type":"WebSite","@id":"https:\/\/www.todoriego.com.ar\/site\/#website","url":"https:\/\/www.todoriego.com.ar\/site\/","name":"Todoriego Insumos SRL","description":"Sabemos hacer riego","publisher":{"@id":"https:\/\/www.todoriego.com.ar\/site\/#organization"},"potentialAction":[{"@type":"SearchAction","target":{"@type":"EntryPoint","urlTemplate":"https:\/\/www.todoriego.com.ar\/site\/?s={search_term_string}"},"query-input":{"@type":"PropertyValueSpecification","valueRequired":true,"valueName":"search_term_string"}}],"inLanguage":"es-AR"},{"@type":"Organization","@id":"https:\/\/www.todoriego.com.ar\/site\/#organization","name":"Todoriego Insumos s.r.l.","url":"https:\/\/www.todoriego.com.ar\/site\/","logo":{"@type":"ImageObject","inLanguage":"es-AR","@id":"https:\/\/www.todoriego.com.ar\/site\/#\/schema\/logo\/image\/","url":"http:\/\/www.todoriego.com.ar\/site\/wp-content\/uploads\/2022\/07\/todoriego_marca.jpg","contentUrl":"http:\/\/www.todoriego.com.ar\/site\/wp-content\/uploads\/2022\/07\/todoriego_marca.jpg","width":731,"height":731,"caption":"Todoriego Insumos s.r.l."},"image":{"@id":"https:\/\/www.todoriego.com.ar\/site\/#\/schema\/logo\/image\/"},"sameAs":["https:\/\/www.facebook.com\/todoriegoinsumos\/","https:\/\/www.instagram.com\/todoriegoinsumos\/"]}]}},"_links":{"self":[{"href":"https:\/\/www.todoriego.com.ar\/site\/wp-json\/wp\/v2\/product\/9111","targetHints":{"allow":["GET"]}}],"collection":[{"href":"https:\/\/www.todoriego.com.ar\/site\/wp-json\/wp\/v2\/product"}],"about":[{"href":"https:\/\/www.todoriego.com.ar\/site\/wp-json\/wp\/v2\/types\/product"}],"wp:featuredmedia":[{"embeddable":true,"href":"https:\/\/www.todoriego.com.ar\/site\/wp-json\/wp\/v2\/media\/9112"}],"wp:attachment":[{"href":"https:\/\/www.todoriego.com.ar\/site\/wp-json\/wp\/v2\/media?parent=9111"}],"wp:term":[{"taxonomy":"product_brand","embeddable":true,"href":"https:\/\/www.todoriego.com.ar\/site\/wp-json\/wp\/v2\/product_brand?post=9111"},{"taxonomy":"product_cat","embeddable":true,"href":"https:\/\/www.todoriego.com.ar\/site\/wp-json\/wp\/v2\/product_cat?post=9111"},{"taxonomy":"product_tag","embeddable":true,"href":"https:\/\/www.todoriego.com.ar\/site\/wp-json\/wp\/v2\/product_tag?post=9111"}],"curies":[{"name":"wp","href":"https:\/\/api.w.org\/{rel}","templated":true}]}}